Last updated on 2025-05-15 03:51:52 CEST.
Flavor | Version | Tinstall | Tcheck | Ttotal | Status | Flags |
---|---|---|---|---|---|---|
r-devel-linux-x86_64-debian-clang | 1.1.4 | 10.84 | 76.04 | 86.88 | NOTE | |
r-devel-linux-x86_64-debian-gcc | 1.1.4 | 7.51 | 53.00 | 60.51 | NOTE | |
r-devel-linux-x86_64-fedora-clang | 1.1.4 | 139.07 | OK | |||
r-devel-linux-x86_64-fedora-gcc | 1.1.4 | 128.18 | OK | |||
r-devel-windows-x86_64 | 1.1.4 | 13.00 | 101.00 | 114.00 | OK | |
r-patched-linux-x86_64 | 1.1.4 | 12.53 | 70.42 | 82.95 | OK | |
r-release-linux-x86_64 | 1.1.4 | 8.36 | 70.34 | 78.70 | OK | |
r-release-macos-arm64 | 1.1.4 | 36.00 | OK | |||
r-release-macos-x86_64 | 1.1.4 | 69.00 | OK | |||
r-release-windows-x86_64 | 1.1.4 | 13.00 | 102.00 | 115.00 | OK | |
r-oldrel-macos-arm64 | 1.1.4 | 35.00 | OK | |||
r-oldrel-macos-x86_64 | 1.1.4 | 56.00 | OK | |||
r-oldrel-windows-x86_64 | 1.1.4 | 16.00 | 117.00 | 133.00 | OK |
Version: 1.1.4
Check: CRAN incoming feasibility
Result: NOTE
Maintainer: ‘Blas M. Benito <blasbenito@gmail.com>’
Package CITATION file contains call(s) to old-style citEntry(). Please
use bibentry() instead.
Flavors: r-devel-linux-x86_64-debian-clang, r-devel-linux-x86_64-debian-gcc