Last updated on 2025-05-03 03:52:12 CEST.
Flavor | Version | Tinstall | Tcheck | Ttotal | Status | Flags |
---|---|---|---|---|---|---|
r-devel-linux-x86_64-debian-clang | 7.3-18 | 3.89 | 23.46 | 27.35 | NOTE | |
r-devel-linux-x86_64-debian-gcc | 7.3-18 | 3.04 | 19.16 | 22.20 | NOTE | |
r-devel-linux-x86_64-fedora-clang | 7.3-18 | 43.93 | OK | |||
r-devel-linux-x86_64-fedora-gcc | 7.3-18 | 41.14 | OK | |||
r-devel-windows-x86_64 | 7.3-18 | 8.00 | 57.00 | 65.00 | OK | |
r-patched-linux-x86_64 | 7.3-18 | 3.15 | 22.11 | 25.26 | OK | |
r-release-linux-x86_64 | OK | |||||
r-release-macos-arm64 | 7.3-18 | 19.00 | OK | |||
r-release-macos-x86_64 | 7.3-18 | 31.00 | OK | |||
r-release-windows-x86_64 | 7.3-18 | 9.00 | 50.00 | 59.00 | OK | |
r-oldrel-macos-arm64 | 7.3-18 | 24.00 | OK | |||
r-oldrel-macos-x86_64 | 7.3-18 | 63.00 | OK | |||
r-oldrel-windows-x86_64 | 7.3-18 | 10.00 | 52.00 | 62.00 | OK |
Version: 7.3-18
Check: CRAN incoming feasibility
Result: NOTE
Maintainer: ‘Brian Ripley <Brian.Ripley@R-project.org>’
Package CITATION file contains call(s) to old-style personList() or
as.personList(). Please use c() on person objects instead.
Package CITATION file contains call(s) to old-style citEntry(). Please
use bibentry() instead.
Flavors: r-devel-linux-x86_64-debian-clang, r-devel-linux-x86_64-debian-gcc