Last updated on 2025-10-31 02:50:44 CET.
| Flavor | Version | Tinstall | Tcheck | Ttotal | Status | Flags | 
|---|---|---|---|---|---|---|
| r-devel-linux-x86_64-debian-clang | 0.2.0.1 | 55.83 | 55.41 | 111.24 | OK | |
| r-devel-linux-x86_64-debian-gcc | 0.2.0.1 | 41.51 | 42.78 | 84.29 | OK | |
| r-devel-linux-x86_64-fedora-clang | 0.2.0.1 | 89.00 | 97.02 | 186.02 | NOTE | |
| r-devel-linux-x86_64-fedora-gcc | 0.2.0.1 | 77.00 | 103.13 | 180.13 | NOTE | |
| r-devel-windows-x86_64 | 0.2.0.1 | 60.00 | 93.00 | 153.00 | OK | |
| r-patched-linux-x86_64 | 0.2.0.1 | 57.19 | 54.84 | 112.03 | OK | |
| r-release-linux-x86_64 | 0.2.0.1 | 55.85 | 54.99 | 110.84 | OK | |
| r-release-macos-arm64 | 0.2.0.1 | 22.00 | 24.00 | 46.00 | OK | |
| r-release-macos-x86_64 | 0.2.0.1 | 28.00 | 36.00 | 64.00 | OK | |
| r-release-windows-x86_64 | 0.2.0.1 | 62.00 | 97.00 | 159.00 | OK | |
| r-oldrel-macos-arm64 | 0.2.0.1 | 23.00 | 23.00 | 46.00 | NOTE | |
| r-oldrel-macos-x86_64 | 0.2.0.1 | 26.00 | 34.00 | 60.00 | NOTE | |
| r-oldrel-windows-x86_64 | 0.2.0.1 | 72.00 | 116.00 | 188.00 | OK | 
Version: 0.2.0.1
Check: compiled code
Result: NOTE
  File ‘sparseLTSEigen/libs/sparseLTSEigen.so’:
    Found no calls to: ‘R_registerRoutines’, ‘R_useDynamicSymbols’
  
  It is good practice to register native routines and to disable symbol
  search.
  
  See ‘Writing portable packages’ in the ‘Writing R Extensions’ manual.
Flavors: r-devel-linux-x86_64-fedora-clang, r-devel-linux-x86_64-fedora-gcc
Version: 0.2.0.1
Check: installed package size
Result: NOTE
    installed size is 13.7Mb
    sub-directories of 1Mb or more:
      libs  13.6Mb
Flavors: r-oldrel-macos-arm64, r-oldrel-macos-x86_64