CRAN Package Check Results for Package spFW

Last updated on 2025-05-02 03:51:23 CEST.

Flavor Version Tinstall Tcheck Ttotal Status Flags
r-devel-linux-x86_64-debian-clang 0.1.0 47.06 47.97 95.03 NOTE
r-devel-linux-x86_64-debian-gcc 0.1.0 29.47 33.30 62.77 NOTE
r-devel-linux-x86_64-fedora-clang 0.1.0 178.82 NOTE
r-devel-linux-x86_64-fedora-gcc 0.1.0 150.38 NOTE
r-devel-windows-x86_64 0.1.0 54.00 91.00 145.00 NOTE
r-patched-linux-x86_64 0.1.0 41.51 46.62 88.13 NOTE
r-release-linux-x86_64 NOTE
r-release-macos-arm64 0.1.0 38.00 NOTE
r-release-macos-x86_64 0.1.0 66.00 NOTE
r-release-windows-x86_64 0.1.0 54.00 87.00 141.00 NOTE
r-oldrel-macos-arm64 0.1.0 40.00 NOTE
r-oldrel-macos-x86_64 0.1.0 55.00 NOTE
r-oldrel-windows-x86_64 0.1.0 63.00 104.00 167.00 NOTE

Check Details

Version: 0.1.0
Check: CRAN incoming feasibility
Result: NOTE Maintainer: ‘Xingche Guo <xguo@iastate.edu>’ No Authors@R field in DESCRIPTION. Please add one, modifying Authors@R: person(given = "Xingche", family = "Guo", role = c("aut", "cre"), email = "xguo@iastate.edu") as necessary. Flavors: r-devel-linux-x86_64-debian-clang, r-devel-linux-x86_64-debian-gcc

Version: 0.1.0
Check: C++ specification
Result: NOTE Specified C++11: please drop specification unless essential Flavors: r-devel-linux-x86_64-debian-clang, r-devel-linux-x86_64-debian-gcc, r-devel-linux-x86_64-fedora-clang, r-devel-linux-x86_64-fedora-gcc, r-devel-windows-x86_64, r-patched-linux-x86_64, r-release-linux-x86_64, r-release-macos-arm64, r-release-macos-x86_64, r-release-windows-x86_64, r-oldrel-macos-arm64, r-oldrel-macos-x86_64, r-oldrel-windows-x86_64

Version: 0.1.0
Check: examples
Result: NOTE Examples with CPU (user + system) or elapsed time > 5s user system elapsed HSFWM_pred 6.605 0.019 8.334 HSFWM_est 5.795 0.039 7.360 Flavor: r-devel-linux-x86_64-debian-clang