Last updated on 2025-11-04 03:51:09 CET.
| Flavor | Version | Tinstall | Tcheck | Ttotal | Status | Flags | 
|---|---|---|---|---|---|---|
| r-devel-linux-x86_64-debian-clang | 1.4.0 | 163.66 | 210.33 | 373.99 | OK | |
| r-devel-linux-x86_64-debian-gcc | 1.4.0 | 98.12 | 155.08 | 253.20 | OK | |
| r-devel-linux-x86_64-fedora-clang | 1.4.0 | 290.00 | 364.12 | 654.12 | OK | |
| r-devel-linux-x86_64-fedora-gcc | 1.4.0 | 334.00 | 282.86 | 616.86 | OK | |
| r-devel-windows-x86_64 | 1.4.0 | 195.00 | 239.00 | 434.00 | OK | |
| r-patched-linux-x86_64 | 1.4.0 | 154.95 | 212.54 | 367.49 | OK | |
| r-release-linux-x86_64 | 1.4.0 | 154.81 | 210.66 | 365.47 | OK | |
| r-release-macos-arm64 | 1.4.0 | 53.00 | 163.00 | 216.00 | OK | |
| r-release-macos-x86_64 | 1.4.0 | 82.00 | 422.00 | 504.00 | OK | |
| r-release-windows-x86_64 | 1.4.0 | 184.00 | 229.00 | 413.00 | OK | |
| r-oldrel-macos-arm64 | 1.4.0 | 51.00 | 185.00 | 236.00 | NOTE | |
| r-oldrel-macos-x86_64 | 1.4.0 | 90.00 | 588.00 | 678.00 | NOTE | |
| r-oldrel-windows-x86_64 | 1.4.0 | 222.00 | 381.00 | 603.00 | OK | 
Version: 1.4.0
Check: installed package size
Result: NOTE
    installed size is  8.8Mb
    sub-directories of 1Mb or more:
      libs   8.2Mb
Flavors: r-oldrel-macos-arm64, r-oldrel-macos-x86_64