CRAN Package Check Results for Package spBayesSurv

Last updated on 2025-07-24 04:50:26 CEST.

Flavor Version Tinstall Tcheck Ttotal Status Flags
r-devel-linux-x86_64-debian-clang 1.1.8 395.96 74.75 470.71 NOTE
r-devel-linux-x86_64-debian-gcc 1.1.8 276.08 51.48 327.56 NOTE
r-devel-linux-x86_64-fedora-clang 1.1.9 868.19 OK
r-devel-linux-x86_64-fedora-gcc 1.1.9 888.86 OK
r-devel-windows-x86_64 1.1.8 329.00 133.00 462.00 NOTE
r-patched-linux-x86_64 1.1.8 397.89 68.95 466.84 NOTE
r-release-linux-x86_64 1.1.8 390.41 69.64 460.05 NOTE
r-release-macos-arm64 1.1.8 175.00 OK
r-release-macos-x86_64 1.1.9 178.00 OK
r-release-windows-x86_64 1.1.8 388.00 127.00 515.00 NOTE
r-oldrel-macos-arm64 1.1.8 162.00 NOTE
r-oldrel-macos-x86_64 1.1.9 189.00 NOTE
r-oldrel-windows-x86_64 1.1.8 466.00 152.00 618.00 OK

Check Details

Version: 1.1.8
Check: Rd cross-references
Result: NOTE Found the following Rd file(s) with Rd \link{} targets missing package anchors: SpatDensReg.Rd: Surv SuperSurvRegBayes.Rd: Surv anovaDDP.Rd: Surv cox.snell.survregbayes.Rd: Surv frailtyGAFT.Rd: Surv, rdist indeptCoxph.Rd: Surv spCopulaCoxph.Rd: Surv spCopulaDDP.Rd: Surv survregbayes.Rd: Surv, rdist, rdist.earth Please provide package anchors for all Rd \link{} targets not in the package itself and the base packages. Flavors: r-devel-linux-x86_64-debian-clang, r-devel-linux-x86_64-debian-gcc, r-devel-windows-x86_64, r-patched-linux-x86_64, r-release-linux-x86_64, r-release-windows-x86_64

Version: 1.1.8
Check: installed package size
Result: NOTE installed size is 22.5Mb sub-directories of 1Mb or more: libs 21.6Mb Flavor: r-oldrel-macos-arm64

Version: 1.1.9
Check: installed package size
Result: NOTE installed size is 23.9Mb sub-directories of 1Mb or more: libs 23.0Mb Flavor: r-oldrel-macos-x86_64