Last updated on 2025-11-24 03:50:50 CET.
| Flavor | Version | Tinstall | Tcheck | Ttotal | Status | Flags |
|---|---|---|---|---|---|---|
| r-devel-linux-x86_64-debian-clang | 0.3-5.2 | 4.36 | 24.25 | 28.61 | OK | |
| r-devel-linux-x86_64-debian-gcc | 0.3-5.2 | 3.19 | 19.31 | 22.50 | OK | |
| r-devel-linux-x86_64-fedora-clang | 0.3-5.2 | 12.00 | 31.89 | 43.89 | NOTE | |
| r-devel-linux-x86_64-fedora-gcc | 0.3-5.2 | 11.00 | 29.19 | 40.19 | NOTE | |
| r-devel-windows-x86_64 | 0.3-5.2 | 6.00 | 43.00 | 49.00 | OK | |
| r-patched-linux-x86_64 | 0.3-5.2 | 4.44 | 23.18 | 27.62 | OK | |
| r-release-linux-x86_64 | 0.3-5.2 | 4.05 | 23.45 | 27.50 | OK | |
| r-release-macos-arm64 | 0.3-5.2 | OK | ||||
| r-release-macos-x86_64 | 0.3-5.2 | 6.00 | 26.00 | 32.00 | OK | |
| r-release-windows-x86_64 | 0.3-5.2 | 8.00 | 43.00 | 51.00 | OK | |
| r-oldrel-macos-arm64 | 0.3-5.2 | OK | ||||
| r-oldrel-macos-x86_64 | 0.3-5.2 | 8.00 | 25.00 | 33.00 | OK | |
| r-oldrel-windows-x86_64 | 0.3-5.2 | 8.00 | 49.00 | 57.00 | OK |
Version: 0.3-5.2
Check: compiled code
Result: NOTE
File ‘som/libs/som.so’:
Found no calls to: ‘R_registerRoutines’, ‘R_useDynamicSymbols’
It is good practice to register native routines and to disable symbol
search.
See ‘Writing portable packages’ in the ‘Writing R Extensions’ manual.
Flavors: r-devel-linux-x86_64-fedora-clang, r-devel-linux-x86_64-fedora-gcc