Last updated on 2025-07-22 03:50:06 CEST.
Flavor | Version | Tinstall | Tcheck | Ttotal | Status | Flags |
---|---|---|---|---|---|---|
r-devel-linux-x86_64-debian-clang | 0.4.0 | 3.57 | 38.16 | 41.73 | NOTE | |
r-devel-linux-x86_64-debian-gcc | 0.4.0 | 2.60 | 29.79 | 32.39 | NOTE | |
r-devel-linux-x86_64-fedora-clang | 0.4.0 | 62.35 | NOTE | |||
r-devel-linux-x86_64-fedora-gcc | 0.4.0 | 73.67 | NOTE | |||
r-devel-windows-x86_64 | 0.4.0 | 5.00 | 67.00 | 72.00 | NOTE | |
r-patched-linux-x86_64 | 0.4.0 | 3.77 | 34.45 | 38.22 | NOTE | |
r-release-linux-x86_64 | 0.4.0 | 3.40 | 35.16 | 38.56 | NOTE | |
r-release-macos-arm64 | 0.4.0 | 36.00 | NOTE | |||
r-release-macos-x86_64 | 0.4.0 | 53.00 | NOTE | |||
r-release-windows-x86_64 | 0.4.0 | 5.00 | 65.00 | 70.00 | NOTE | |
r-oldrel-macos-arm64 | 0.4.0 | 31.00 | NOTE | |||
r-oldrel-macos-x86_64 | 0.4.0 | 41.00 | NOTE | |||
r-oldrel-windows-x86_64 | 0.4.0 | 7.00 | 78.00 | 85.00 | NOTE |
Version: 0.4.0
Check: Rd files
Result: NOTE
checkRd: (-1) db_compact.Rd:41: Lost braces; missing escapes or markup?
41 | database structure will be set to true. See GET /{db}. You can also obtain a list of
| ^
Flavors: r-devel-linux-x86_64-debian-clang, r-devel-linux-x86_64-debian-gcc, r-devel-linux-x86_64-fedora-clang, r-devel-linux-x86_64-fedora-gcc, r-devel-windows-x86_64, r-patched-linux-x86_64, r-release-linux-x86_64, r-release-macos-arm64, r-release-macos-x86_64, r-release-windows-x86_64, r-oldrel-macos-arm64, r-oldrel-macos-x86_64, r-oldrel-windows-x86_64