Last updated on 2025-10-09 03:50:23 CEST.
Flavor | Version | Tinstall | Tcheck | Ttotal | Status | Flags |
---|---|---|---|---|---|---|
r-devel-linux-x86_64-debian-clang | 1.1.6 | 7.56 | 61.40 | 68.96 | OK | |
r-devel-linux-x86_64-debian-gcc | 1.1.6 | 6.15 | 54.59 | 60.74 | OK | |
r-devel-linux-x86_64-fedora-clang | 1.1.6 | 104.04 | OK | |||
r-devel-linux-x86_64-fedora-gcc | 1.1.6 | 114.81 | OK | |||
r-devel-windows-x86_64 | 1.1.6 | 6.00 | 73.00 | 79.00 | ERROR | |
r-patched-linux-x86_64 | 1.1.6 | 8.31 | 54.75 | 63.06 | OK | |
r-release-linux-x86_64 | 1.1.6 | 7.47 | 54.34 | 61.81 | OK | |
r-release-macos-arm64 | 1.1.6 | 136.00 | OK | |||
r-release-macos-x86_64 | 1.1.6 | 117.00 | OK | |||
r-release-windows-x86_64 | 1.1.6 | 8.00 | 82.00 | 90.00 | OK | |
r-oldrel-macos-arm64 | 1.1.6 | 61.00 | OK | |||
r-oldrel-macos-x86_64 | 1.1.6 | 68.00 | OK | |||
r-oldrel-windows-x86_64 | 1.1.6 | 13.00 | 90.00 | 103.00 | OK |
Version: 1.1.6
Check: examples
Result: ERROR
Running examples in 'smovie-Ex.R' failed
The error most likely occurred in:
> ### Name: correlation
> ### Title: Sampling distribution of the correlation coefficient movie
> ### Aliases: correlation
>
> ### ** Examples
>
> correlation(rho = 0.8)
> correlation(n = 10)
Error in structure(.External(.C_dotTcl, ...), class = "tclObj") :
[tcl] can't get device image.
Calls: correlation ... <Anonymous> -> w.tkrplot -> handshake -> fun -> .Tcl -> structure
Execution halted
Flavor: r-devel-windows-x86_64