Last updated on 2025-05-04 03:51:06 CEST.
Flavor | Version | Tinstall | Tcheck | Ttotal | Status | Flags |
---|---|---|---|---|---|---|
r-devel-linux-x86_64-debian-clang | 1.0.7.1 | 6.41 | 73.36 | 79.77 | NOTE | |
r-devel-linux-x86_64-debian-gcc | 1.0.7.1 | 3.65 | 55.15 | 58.80 | NOTE | |
r-devel-linux-x86_64-fedora-clang | 1.0.7.1 | 126.64 | OK | |||
r-devel-linux-x86_64-fedora-gcc | 1.0.7.1 | 118.93 | OK | |||
r-devel-windows-x86_64 | 1.0.7.1 | 7.00 | 91.00 | 98.00 | OK | |
r-patched-linux-x86_64 | 1.0.7.1 | 5.16 | 71.10 | 76.26 | OK | |
r-release-linux-x86_64 | OK | |||||
r-release-macos-arm64 | 1.0.7.1 | 43.00 | OK | |||
r-release-macos-x86_64 | 1.0.7.1 | 68.00 | OK | |||
r-release-windows-x86_64 | 1.0.7.1 | 7.00 | 84.00 | 91.00 | OK | |
r-oldrel-macos-arm64 | 1.0.7.1 | 37.00 | OK | |||
r-oldrel-macos-x86_64 | 1.0.7.1 | 61.00 | OK | |||
r-oldrel-windows-x86_64 | 1.0.7.1 | 9.00 | 101.00 | 110.00 | OK |
Version: 1.0.7.1
Check: CRAN incoming feasibility
Result: NOTE
Maintainer: ‘Juan Xiong <xiongjuan2000@gmail.com>’
No Authors@R field in DESCRIPTION.
Please add one, modifying
Authors@R: c(person(given = "Juan",
family = "Xiong",
role = c("aut", "cre"),
email = "xiongjuan2000@gmail.com"),
person(given = "Wenqing",
family = "He",
role = "aut",
email = "whe@stats.uwo.ca"),
person(given = c("Grace", "Y."),
family = "Yi",
role = "aut",
email = "yyi@uwaterloo.ca"))
as necessary.
The Title field is just the package name: provide a real title.
Flavors: r-devel-linux-x86_64-debian-clang, r-devel-linux-x86_64-debian-gcc