CRAN Package Check Results for Package signal

Last updated on 2025-07-28 03:51:26 CEST.

Flavor Version Tinstall Tcheck Ttotal Status Flags
r-devel-linux-x86_64-debian-clang 1.8-1 6.32 40.90 47.22 OK
r-devel-linux-x86_64-debian-gcc 1.8-1 4.41 30.41 34.82 OK
r-devel-linux-x86_64-fedora-clang 1.8-1 71.67 NOTE
r-devel-linux-x86_64-fedora-gcc 1.8-1 68.67 NOTE
r-devel-windows-x86_64 1.8-1 11.00 96.00 107.00 OK
r-patched-linux-x86_64 1.8-1 7.35 38.14 45.49 OK
r-release-linux-x86_64 1.8-1 5.61 37.68 43.29 OK
r-release-macos-arm64 1.8-1 32.00 OK
r-release-macos-x86_64 1.8-1 49.00 OK
r-release-windows-x86_64 1.8-1 10.00 75.00 85.00 OK
r-oldrel-macos-arm64 1.8-1 32.00 OK
r-oldrel-macos-x86_64 1.8-1 96.00 OK
r-oldrel-windows-x86_64 1.8-1 12.00 84.00 96.00 OK

Check Details

Version: 1.8-1
Check: compiled code
Result: NOTE File ‘signal/libs/signal.so’: Found no calls to: ‘R_registerRoutines’, ‘R_useDynamicSymbols’ It is good practice to register native routines and to disable symbol search. See ‘Writing portable packages’ in the ‘Writing R Extensions’ manual. Flavors: r-devel-linux-x86_64-fedora-clang, r-devel-linux-x86_64-fedora-gcc