Last updated on 2025-07-20 03:49:44 CEST.
Flavor | Version | Tinstall | Tcheck | Ttotal | Status | Flags |
---|---|---|---|---|---|---|
r-devel-linux-x86_64-debian-clang | 1.2 | 6.36 | 48.16 | 54.52 | NOTE | |
r-devel-linux-x86_64-debian-gcc | 1.2 | 4.39 | 35.89 | 40.28 | NOTE | |
r-devel-linux-x86_64-fedora-clang | 1.2 | 83.37 | NOTE | |||
r-devel-linux-x86_64-fedora-gcc | 1.2 | 77.83 | NOTE | |||
r-devel-windows-x86_64 | 1.2 | 9.00 | 62.00 | 71.00 | NOTE | |
r-patched-linux-x86_64 | 1.2 | 6.45 | 44.53 | 50.98 | NOTE | |
r-release-linux-x86_64 | 1.2 | 6.47 | 44.12 | 50.59 | NOTE | |
r-release-macos-arm64 | 1.2 | 28.00 | NOTE | |||
r-release-macos-x86_64 | 1.2 | 47.00 | NOTE | |||
r-release-windows-x86_64 | 1.2 | 9.00 | 62.00 | 71.00 | NOTE | |
r-oldrel-macos-arm64 | 1.2 | 28.00 | NOTE | |||
r-oldrel-macos-x86_64 | 1.2 | 39.00 | NOTE | |||
r-oldrel-windows-x86_64 | 1.2 | 10.00 | 71.00 | 81.00 | NOTE |
Version: 1.2
Check: Rd files
Result: NOTE
checkRd: (-1) shiny_pivot_table.Rd:58: Lost braces in \itemize; meant \describe ?
checkRd: (-1) shiny_pivot_table.Rd:59: Lost braces in \itemize; meant \describe ?
checkRd: (-1) shiny_pivot_table.Rd:60: Lost braces in \itemize; meant \describe ?
checkRd: (-1) shiny_pivot_table.Rd:61: Lost braces in \itemize; meant \describe ?
checkRd: (-1) shiny_pivot_table.Rd:62: Lost braces in \itemize; meant \describe ?
checkRd: (-1) shiny_pivot_table.Rd:63: Lost braces in \itemize; meant \describe ?
checkRd: (-1) shiny_pivot_table.Rd:64: Lost braces in \itemize; meant \describe ?
Flavors: r-devel-linux-x86_64-debian-clang, r-devel-linux-x86_64-debian-gcc, r-devel-linux-x86_64-fedora-clang, r-devel-linux-x86_64-fedora-gcc, r-devel-windows-x86_64, r-patched-linux-x86_64, r-release-linux-x86_64, r-release-macos-arm64, r-release-macos-x86_64, r-release-windows-x86_64, r-oldrel-macos-arm64, r-oldrel-macos-x86_64, r-oldrel-windows-x86_64