Last updated on 2025-05-18 03:50:30 CEST.
Flavor | Version | Tinstall | Tcheck | Ttotal | Status | Flags |
---|---|---|---|---|---|---|
r-devel-linux-x86_64-debian-clang | 0.2.0 | 3.37 | 28.68 | 32.05 | OK | |
r-devel-linux-x86_64-debian-gcc | 0.2.0 | 2.73 | 21.85 | 24.58 | OK | |
r-devel-linux-x86_64-fedora-clang | 0.2.0 | 51.42 | OK | |||
r-devel-linux-x86_64-fedora-gcc | 0.2.0 | 48.97 | OK | |||
r-devel-windows-x86_64 | 0.2.0 | 10.00 | 48.00 | 58.00 | OK | |
r-patched-linux-x86_64 | 0.2.0 | 3.36 | 27.56 | 30.92 | OK | |
r-release-linux-x86_64 | 0.2.0 | 4.00 | 27.41 | 31.41 | OK | |
r-release-macos-arm64 | 0.2.0 | 24.00 | OK | |||
r-release-macos-x86_64 | 0.2.0 | 51.00 | OK | |||
r-release-windows-x86_64 | 0.2.0 | 10.00 | 56.00 | 66.00 | OK | |
r-oldrel-macos-arm64 | 0.2.0 | 21.00 | NOTE | |||
r-oldrel-macos-x86_64 | 0.2.0 | 32.00 | NOTE | |||
r-oldrel-windows-x86_64 | 0.2.0 | 9.00 | 53.00 | 62.00 | OK |
Version: 0.2.0
Check: package dependencies
Result: NOTE
Package suggested but not available for checking: ‘uchardet’
Flavors: r-oldrel-macos-arm64, r-oldrel-macos-x86_64