Last updated on 2025-10-31 02:50:43 CET.
| Flavor | Version | Tinstall | Tcheck | Ttotal | Status | Flags | 
|---|---|---|---|---|---|---|
| r-devel-linux-x86_64-debian-clang | 0.61.1 | 3.34 | 29.70 | 33.04 | NOTE | |
| r-devel-linux-x86_64-debian-gcc | 0.61.1 | 2.30 | 23.34 | 25.64 | NOTE | |
| r-devel-linux-x86_64-fedora-clang | 0.61.1 | 48.85 | OK | |||
| r-devel-linux-x86_64-fedora-gcc | 0.61.1 | 46.35 | OK | |||
| r-devel-windows-x86_64 | 0.61.1 | 5.00 | 51.00 | 56.00 | NOTE | |
| r-patched-linux-x86_64 | 0.61.1 | 3.98 | 27.76 | 31.74 | NOTE | |
| r-release-linux-x86_64 | 0.61.1 | 3.21 | 27.86 | 31.07 | NOTE | |
| r-release-macos-arm64 | 0.61.1 | 2.00 | 21.00 | 23.00 | OK | |
| r-release-macos-x86_64 | 0.61.1 | 5.00 | 39.00 | 44.00 | OK | |
| r-release-windows-x86_64 | 0.61.1 | 6.00 | 55.00 | 61.00 | NOTE | |
| r-oldrel-macos-arm64 | 0.61.1 | 2.00 | 17.00 | 19.00 | OK | |
| r-oldrel-macos-x86_64 | 0.61.1 | 2.00 | 25.00 | 27.00 | OK | |
| r-oldrel-windows-x86_64 | 0.61.1 | 7.00 | 61.00 | 68.00 | OK | 
Version: 0.61.1
Check: CRAN incoming feasibility
Result: NOTE
  Maintainer: ‘Eric Bailey <ebailey@idem.in.gov>’
  
  No Authors@R field in DESCRIPTION.
  Please add one, modifying
    Authors@R: person(given = "Eric",
                      family = "Bailey",
                      role = c("aut", "cre"),
                      email = "ebailey@idem.in.gov")
  as necessary.
Flavors: r-devel-linux-x86_64-debian-clang, r-devel-linux-x86_64-debian-gcc
Version: 0.61.1
Check: Rd cross-references
Result: NOTE
  Found the following Rd file(s) with Rd \link{} targets missing package
  anchors:
    Buttons.Rd: actionButton, checkboxInput
    Collapses.Rd: tabsetPanel, shinyServer
    Modals.Rd: tabPanel
    Tooltips_and_Popovers.Rd: renderUI
    bsButton.Rd: icon
    bsExample.Rd: runApp
    popify.Rd: renderUI
    tipify.Rd: renderUI
    updateButton.Rd: icon, submitButton
  Please provide package anchors for all Rd \link{} targets not in the
  package itself and the base packages.
Flavors: r-devel-linux-x86_64-debian-clang, r-devel-linux-x86_64-debian-gcc, r-devel-windows-x86_64, r-patched-linux-x86_64, r-release-linux-x86_64, r-release-windows-x86_64