Last updated on 2025-05-02 03:51:22 CEST.
Flavor | Version | Tinstall | Tcheck | Ttotal | Status | Flags |
---|---|---|---|---|---|---|
r-devel-linux-x86_64-debian-clang | 1.0.3 | 87.01 | 303.15 | 390.16 | OK | |
r-devel-linux-x86_64-debian-gcc | 1.0.4 | 57.98 | 265.44 | 323.42 | OK | |
r-devel-linux-x86_64-fedora-clang | 1.0.4 | 800.98 | OK | |||
r-devel-linux-x86_64-fedora-gcc | 1.0.4 | 781.47 | OK | |||
r-devel-windows-x86_64 | 1.0.4 | 96.00 | 373.00 | 469.00 | OK | |
r-patched-linux-x86_64 | 1.0.4 | 88.46 | 348.28 | 436.74 | OK | |
r-release-linux-x86_64 | OK | |||||
r-release-macos-arm64 | 1.0.4 | 192.00 | OK | |||
r-release-macos-x86_64 | 1.0.4 | 446.00 | OK | |||
r-release-windows-x86_64 | 1.0.4 | 89.00 | 338.00 | 427.00 | OK | |
r-oldrel-macos-arm64 | 1.0.4 | 185.00 | NOTE | |||
r-oldrel-macos-x86_64 | 1.0.4 | 412.00 | NOTE | |||
r-oldrel-windows-x86_64 | 1.0.3 | 107.00 | 421.00 | 528.00 | NOTE |
Version: 1.0.4
Check: installed package size
Result: NOTE
installed size is 9.7Mb
sub-directories of 1Mb or more:
doc 4.4Mb
libs 4.1Mb
Flavors: r-oldrel-macos-arm64, r-oldrel-macos-x86_64
Version: 1.0.3
Check: installed package size
Result: NOTE
installed size is 6.8Mb
sub-directories of 1Mb or more:
doc 4.3Mb
libs 1.3Mb
Flavor: r-oldrel-windows-x86_64