Last updated on 2025-05-04 03:51:06 CEST.
Flavor | Version | Tinstall | Tcheck | Ttotal | Status | Flags |
---|---|---|---|---|---|---|
r-devel-linux-x86_64-debian-clang | 0.2.5 | 2.10 | 23.56 | 25.66 | NOTE | |
r-devel-linux-x86_64-debian-gcc | 0.2.5 | 1.76 | 19.37 | 21.13 | NOTE | |
r-devel-linux-x86_64-fedora-clang | 0.2.5 | 41.62 | NOTE | |||
r-devel-linux-x86_64-fedora-gcc | 0.2.5 | 37.67 | NOTE | |||
r-devel-windows-x86_64 | 0.2.5 | 4.00 | 44.00 | 48.00 | NOTE | |
r-patched-linux-x86_64 | 0.2.5 | 2.43 | 21.51 | 23.94 | NOTE | |
r-release-linux-x86_64 | NOTE | |||||
r-release-macos-arm64 | 0.2.5 | 22.00 | NOTE | |||
r-release-macos-x86_64 | 0.2.5 | 30.00 | OK | |||
r-release-windows-x86_64 | 0.2.5 | 5.00 | 45.00 | 50.00 | NOTE | |
r-oldrel-macos-arm64 | 0.2.5 | 18.00 | OK | |||
r-oldrel-macos-x86_64 | 0.2.5 | 24.00 | OK | |||
r-oldrel-windows-x86_64 | 0.2.5 | 4.00 | 51.00 | 55.00 | OK |
Version: 0.2.5
Check: DESCRIPTION meta-information
Result: NOTE
Missing dependency on R >= 4.1.0 because package code uses the pipe
|> or function shorthand \(...) syntax added in R 4.1.0.
File(s) using such syntax:
‘Joiner.Rd’ ‘Splitter.Rd’ ‘add_node.Rd’ ‘print.sewage_pipeline.Rd’
‘pull_output.Rd’ ‘run.Rd’
Flavors: r-devel-linux-x86_64-debian-clang, r-devel-linux-x86_64-debian-gcc, r-devel-linux-x86_64-fedora-clang, r-devel-linux-x86_64-fedora-gcc, r-devel-windows-x86_64, r-patched-linux-x86_64, r-release-linux-x86_64, r-release-macos-arm64, r-release-windows-x86_64