CRAN Package Check Results for Package sensitivitymult

Last updated on 2025-05-05 03:50:34 CEST.

Flavor Version Tinstall Tcheck Ttotal Status Flags
r-devel-linux-x86_64-debian-clang 1.0.2 2.00 24.43 26.43 NOTE
r-devel-linux-x86_64-debian-gcc 1.0.2 1.80 19.16 20.96 NOTE
r-devel-linux-x86_64-fedora-clang 1.0.2 41.22 OK
r-devel-linux-x86_64-fedora-gcc 1.0.2 41.53 OK
r-devel-windows-x86_64 1.0.2 3.00 46.00 49.00 OK
r-patched-linux-x86_64 1.0.2 2.83 23.20 26.03 OK
r-release-linux-x86_64 1.0.2 2.00 22.49 24.49 OK
r-release-macos-arm64 1.0.2 23.00 OK
r-release-macos-x86_64 1.0.2 26.00 OK
r-release-windows-x86_64 1.0.2 3.00 48.00 51.00 OK
r-oldrel-macos-arm64 1.0.2 16.00 OK
r-oldrel-macos-x86_64 1.0.2 26.00 OK
r-oldrel-windows-x86_64 1.0.2 3.00 45.00 48.00 OK

Check Details

Version: 1.0.2
Check: CRAN incoming feasibility
Result: NOTE Maintainer: ‘Paul R. Rosenbaum <rosenbaum@wharton.upenn.edu>’ No Authors@R field in DESCRIPTION. Please add one, modifying Authors@R: person(given = c("Paul", "R."), family = "Rosenbaum", role = c("aut", "cre"), email = "rosenbaum@wharton.upenn.edu") as necessary. Flavors: r-devel-linux-x86_64-debian-clang, r-devel-linux-x86_64-debian-gcc