Last updated on 2025-05-02 03:51:22 CEST.
Flavor | Version | Tinstall | Tcheck | Ttotal | Status | Flags |
---|---|---|---|---|---|---|
r-devel-linux-x86_64-debian-clang | 2.3.4 | 8.28 | 128.92 | 137.20 | NOTE | |
r-devel-linux-x86_64-debian-gcc | 2.3.4 | 4.99 | 85.77 | 90.76 | NOTE | |
r-devel-linux-x86_64-fedora-clang | 2.3.4 | 212.25 | NOTE | |||
r-devel-linux-x86_64-fedora-gcc | 2.3.4 | 237.62 | NOTE | |||
r-devel-windows-x86_64 | 2.3.4 | 9.00 | 306.00 | 315.00 | NOTE | |
r-patched-linux-x86_64 | 2.3.4 | 9.19 | 122.31 | 131.50 | NOTE | |
r-release-linux-x86_64 | NOTE | |||||
r-release-macos-arm64 | 2.3.4 | 167.00 | NOTE | |||
r-release-macos-x86_64 | 2.3.4 | 285.00 | NOTE | |||
r-release-windows-x86_64 | 2.3.4 | 9.00 | 318.00 | 327.00 | NOTE | |
r-oldrel-macos-arm64 | 2.3.4 | 106.00 | OK | |||
r-oldrel-macos-x86_64 | 2.3.4 | 198.00 | OK | |||
r-oldrel-windows-x86_64 | 2.3.4 | 13.00 | 405.00 | 418.00 | OK |
Version: 2.3.4
Check: DESCRIPTION meta-information
Result: NOTE
Missing dependency on R >= 4.1.0 because package code uses the pipe
|> or function shorthand \(...) syntax added in R 4.1.0.
File(s) using such syntax:
‘boot_utils.R’
Flavors: r-devel-linux-x86_64-debian-clang, r-devel-linux-x86_64-debian-gcc, r-devel-linux-x86_64-fedora-clang, r-devel-linux-x86_64-fedora-gcc, r-devel-windows-x86_64, r-patched-linux-x86_64, r-release-linux-x86_64, r-release-macos-arm64, r-release-macos-x86_64, r-release-windows-x86_64
Version: 2.3.4
Check: examples
Result: NOTE
Examples with CPU (user + system) or elapsed time > 5s
user system elapsed
dot_graph 4.952 0.063 7.982
bootstrap_model 0.351 0.039 6.239
estimate_pls_mga 0.286 0.026 8.506
Flavor: r-devel-linux-x86_64-debian-clang
Version: 2.3.4
Check: for unstated dependencies in ‘demo’
Result: NOTE
'library' or 'require' call not declared from: ‘swirl’
Flavors: r-devel-linux-x86_64-debian-clang, r-devel-linux-x86_64-debian-gcc, r-patched-linux-x86_64, r-release-linux-x86_64
Version: 2.3.4
Check: dependencies in R code
Result: NOTE
Namespaces in Imports field not imported from:
‘knitr’ ‘rmarkdown’ ‘webp’
All declared Imports should be used.
Flavors: r-devel-linux-x86_64-fedora-clang, r-devel-linux-x86_64-fedora-gcc