Last updated on 2025-05-02 03:51:22 CEST.
Flavor | Version | Tinstall | Tcheck | Ttotal | Status | Flags |
---|---|---|---|---|---|---|
r-devel-linux-x86_64-debian-clang | 0.9-6 | 2.24 | 34.74 | 36.98 | NOTE | |
r-devel-linux-x86_64-debian-gcc | 0.9-6 | 1.73 | 24.66 | 26.39 | OK | |
r-devel-linux-x86_64-fedora-clang | 0.9-6 | 59.08 | OK | |||
r-devel-linux-x86_64-fedora-gcc | 0.9-6 | 54.52 | OK | |||
r-devel-windows-x86_64 | 0.9-6 | 3.00 | 61.00 | 64.00 | OK | |
r-patched-linux-x86_64 | 0.9-6 | 2.33 | 32.34 | 34.67 | OK | |
r-release-linux-x86_64 | OK | |||||
r-release-macos-arm64 | 0.9-6 | 24.00 | OK | |||
r-release-macos-x86_64 | 0.9-6 | 34.00 | OK | |||
r-release-windows-x86_64 | 0.9-6 | 4.00 | 60.00 | 64.00 | OK | |
r-oldrel-macos-arm64 | 0.9-6 | 20.00 | OK | |||
r-oldrel-macos-x86_64 | 0.9-6 | 29.00 | OK | |||
r-oldrel-windows-x86_64 | 0.9-6 | 3.00 | 59.00 | 62.00 | OK |
Version: 0.9-6
Check: examples
Result: NOTE
Examples with CPU (user + system) or elapsed time > 5s
user system elapsed
semds 14.202 0.144 17.332
Flavor: r-devel-linux-x86_64-debian-clang