Last updated on 2025-05-03 03:52:11 CEST.
Flavor | Version | Tinstall | Tcheck | Ttotal | Status | Flags |
---|---|---|---|---|---|---|
r-devel-linux-x86_64-debian-clang | 3.1.0 | 66.11 | 125.99 | 192.10 | NOTE | |
r-devel-linux-x86_64-debian-gcc | 3.1.0 | 47.90 | 111.23 | 159.13 | NOTE | |
r-devel-linux-x86_64-fedora-clang | 3.1.0 | 310.33 | OK | |||
r-devel-linux-x86_64-fedora-gcc | 3.1.0 | 331.00 | OK | |||
r-devel-windows-x86_64 | 3.1.0 | 77.00 | 152.00 | 229.00 | NOTE | |
r-patched-linux-x86_64 | 3.1.0 | 70.62 | 119.95 | 190.57 | NOTE | |
r-release-linux-x86_64 | NOTE | |||||
r-release-macos-arm64 | 3.1.0 | 99.00 | OK | |||
r-release-macos-x86_64 | 3.1.0 | 156.00 | OK | |||
r-release-windows-x86_64 | 3.1.0 | 80.00 | 154.00 | 234.00 | NOTE | |
r-oldrel-macos-arm64 | 3.1.0 | 57.00 | NOTE | |||
r-oldrel-macos-x86_64 | 3.1.0 | 86.00 | NOTE | |||
r-oldrel-windows-x86_64 | 3.1.0 | 85.00 | 192.00 | 277.00 | OK |
Version: 3.1.0
Check: Rd cross-references
Result: NOTE
Found the following Rd file(s) with Rd \link{} targets missing package
anchors:
cla_secsse_ml.Rd: DDD
cla_secsse_ml_func_def_pars.Rd: DDD
default_params_doc.Rd: DDD
secsse_ml.Rd: DDD
secsse_ml_func_def_pars.Rd: DDD
Please provide package anchors for all Rd \link{} targets not in the
package itself and the base packages.
Flavors: r-devel-linux-x86_64-debian-clang, r-devel-linux-x86_64-debian-gcc, r-devel-windows-x86_64, r-patched-linux-x86_64, r-release-linux-x86_64, r-release-windows-x86_64
Version: 3.1.0
Check: examples
Result: NOTE
Examples with CPU time > 2.5 times elapsed time
user system elapsed ratio
secsse_ml_func_def_pars 2.758 0.278 0.469 6.473
cla_secsse_ml 3.220 0.765 1.375 2.898
Flavor: r-devel-linux-x86_64-debian-gcc
Version: 3.1.0
Check: installed package size
Result: NOTE
installed size is 9.6Mb
sub-directories of 1Mb or more:
doc 1.1Mb
libs 8.2Mb
Flavors: r-oldrel-macos-arm64, r-oldrel-macos-x86_64