Last updated on 2025-05-01 03:50:02 CEST.
Flavor | Version | Tinstall | Tcheck | Ttotal | Status | Flags |
---|---|---|---|---|---|---|
r-devel-linux-x86_64-debian-clang | 0.6-0 | 6.76 | 56.40 | 63.16 | NOTE | |
r-devel-linux-x86_64-debian-gcc | 0.6-0 | 4.57 | 39.95 | 44.52 | NOTE | |
r-devel-linux-x86_64-fedora-clang | 0.6-0 | 98.75 | NOTE | |||
r-devel-linux-x86_64-fedora-gcc | 0.6-0 | 94.76 | NOTE | |||
r-devel-windows-x86_64 | 0.6-0 | 10.00 | 98.00 | 108.00 | NOTE | |
r-patched-linux-x86_64 | 0.6-0 | 8.33 | 53.91 | 62.24 | NOTE | |
r-release-linux-x86_64 | 0.6-0 | 6.62 | 53.99 | 60.61 | NOTE | |
r-release-macos-arm64 | 0.6-0 | 33.00 | NOTE | |||
r-release-macos-x86_64 | 0.6-0 | 53.00 | NOTE | |||
r-release-windows-x86_64 | 0.6-0 | 11.00 | 99.00 | 110.00 | NOTE | |
r-oldrel-macos-arm64 | 0.6-0 | 30.00 | NOTE | |||
r-oldrel-macos-x86_64 | 0.6-0 | 45.00 | NOTE | |||
r-oldrel-windows-x86_64 | 0.6-0 | 10.00 | 102.00 | 112.00 | NOTE |
Version: 0.6-0
Check: CRAN incoming feasibility
Result: NOTE
Maintainer: ‘Mike Toews <mwtoews@gmail.com>’
Problems when reading CITATION file:
It is recommended to use ‘given’ instead of ‘middle’.
Package CITATION file contains call(s) to old-style personList() or
as.personList(). Please use c() on person objects instead.
Package CITATION file contains call(s) to old-style citEntry(). Please
use bibentry() instead.
Flavors: r-devel-linux-x86_64-debian-clang, r-devel-linux-x86_64-debian-gcc
Version: 0.6-0
Check: Rd files
Result: NOTE
checkRd: (-1) seas.check.Rd:48-49: Lost braces in \itemize; meant \describe ?
checkRd: (-1) seas.check.Rd:50: Lost braces in \itemize; meant \describe ?
checkRd: (-1) seas.check.Rd:51: Lost braces in \itemize; meant \describe ?
checkRd: (-1) seas.check.Rd:52-54: Lost braces in \itemize; meant \describe ?
checkRd: (-1) seas.check.Rd:55: Lost braces in \itemize; meant \describe ?
checkRd: (-1) seas.check.Rd:56: Lost braces in \itemize; meant \describe ?
checkRd: (-1) seas.check.Rd:57: Lost braces in \itemize; meant \describe ?
checkRd: (-1) seas.check.Rd:58: Lost braces in \itemize; meant \describe ?
Flavors: r-devel-linux-x86_64-debian-clang, r-devel-linux-x86_64-debian-gcc, r-devel-linux-x86_64-fedora-clang, r-devel-linux-x86_64-fedora-gcc, r-devel-windows-x86_64, r-patched-linux-x86_64, r-release-linux-x86_64, r-release-macos-arm64, r-release-macos-x86_64, r-release-windows-x86_64, r-oldrel-macos-arm64, r-oldrel-macos-x86_64, r-oldrel-windows-x86_64