CRAN Package Check Results for Package sca

Last updated on 2025-11-15 03:50:27 CET.

Flavor Version Tinstall Tcheck Ttotal Status Flags
r-devel-linux-x86_64-debian-clang 0.9-2 2.80 31.78 34.58 NOTE
r-devel-linux-x86_64-debian-gcc 0.9-2 2.13 24.20 26.33 NOTE
r-devel-linux-x86_64-fedora-clang 0.9-2 51.16 OK
r-devel-linux-x86_64-fedora-gcc 0.9-2 11.00 38.01 49.01 OK
r-devel-windows-x86_64 0.9-2 6.00 49.00 55.00 OK
r-patched-linux-x86_64 0.9-2 2.96 29.49 32.45 OK
r-release-linux-x86_64 0.9-2 2.75 29.15 31.90 OK
r-release-macos-arm64 0.9-2 2.00 32.00 34.00 OK
r-release-macos-x86_64 0.9-2 2.00 29.00 31.00 OK
r-release-windows-x86_64 0.9-2 3.00 50.00 53.00 OK
r-oldrel-macos-arm64 0.9-2 1.00 16.00 17.00 OK
r-oldrel-macos-x86_64 0.9-2 2.00 26.00 28.00 OK
r-oldrel-windows-x86_64 0.9-2 4.00 57.00 61.00 OK

Check Details

Version: 0.9-2
Check: CRAN incoming feasibility
Result: NOTE Maintainer: ‘Martin Maechler <maechler@stat.math.ethz.ch>’ No Authors@R field in DESCRIPTION. Please add one, modifying Authors@R: c(person(given = "Valentin", family = "Rousson", role = "aut", email = "rousson@ifspm.unizh.ch"), person(given = "Martin", family = "Maechler", role = c("aut", "cre"), email = "maechler@stat.math.ethz.ch")) as necessary. Flavors: r-devel-linux-x86_64-debian-clang, r-devel-linux-x86_64-debian-gcc