Last updated on 2025-05-01 03:50:02 CEST.
Flavor | Version | Tinstall | Tcheck | Ttotal | Status | Flags |
---|---|---|---|---|---|---|
r-devel-linux-x86_64-debian-clang | 0.4.0 | 144.50 | 189.45 | 333.95 | NOTE | |
r-devel-linux-x86_64-debian-gcc | 0.4.0 | 91.03 | 132.48 | 223.51 | OK | |
r-devel-linux-x86_64-fedora-clang | 0.4.0 | 518.83 | OK | |||
r-devel-linux-x86_64-fedora-gcc | 0.4.0 | 504.99 | OK | |||
r-devel-windows-x86_64 | 0.4.0 | 134.00 | 175.00 | 309.00 | OK | |
r-patched-linux-x86_64 | 0.4.0 | 138.84 | 177.69 | 316.53 | OK | |
r-release-linux-x86_64 | 0.4.0 | 135.02 | 177.82 | 312.84 | OK | |
r-release-macos-arm64 | 0.4.0 | 162.00 | OK | |||
r-release-macos-x86_64 | 0.4.0 | 328.00 | OK | |||
r-release-windows-x86_64 | 0.4.0 | 135.00 | 178.00 | 313.00 | OK | |
r-oldrel-macos-arm64 | 0.4.0 | 164.00 | OK | |||
r-oldrel-macos-x86_64 | 0.4.0 | 236.00 | OK | |||
r-oldrel-windows-x86_64 | 0.4.0 | 190.00 | 213.00 | 403.00 | OK |
Version: 0.4.0
Check: examples
Result: NOTE
Examples with CPU (user + system) or elapsed time > 5s
user system elapsed
scb 0.051 0.021 7.487
simvcd 0.039 0.005 8.103
Flavor: r-devel-linux-x86_64-debian-clang
Version: 0.4.0
Check: examples
Result: NA
user system elapsed
simvcd 0.027 0.009 5.749
OK
Flavor: r-devel-linux-x86_64-debian-gcc