CRAN Package Check Results for Package savonliquide

Last updated on 2025-11-15 03:50:27 CET.

Flavor Version Tinstall Tcheck Ttotal Status Flags
r-devel-linux-x86_64-debian-clang 0.2.0 1.72 22.28 24.00 OK
r-devel-linux-x86_64-debian-gcc 0.2.0 1.30 18.37 19.67 OK
r-devel-linux-x86_64-fedora-clang 0.2.0 33.93 NOTE
r-devel-linux-x86_64-fedora-gcc 0.2.0 32.01 NOTE
r-devel-windows-x86_64 0.2.0 4.00 40.00 44.00 OK
r-patched-linux-x86_64 0.2.0 1.89 20.26 22.15 OK
r-release-linux-x86_64 0.2.0 1.54 20.58 22.12 OK
r-release-macos-arm64 0.2.0 1.00 20.00 21.00 OK
r-release-macos-x86_64 0.2.0 2.00 26.00 28.00 OK
r-release-windows-x86_64 0.2.0 5.00 40.00 45.00 OK
r-oldrel-macos-arm64 0.2.0 1.00 20.00 21.00 NOTE
r-oldrel-macos-x86_64 0.2.0 2.00 23.00 25.00 NOTE
r-oldrel-windows-x86_64 0.2.0 4.00 44.00 48.00 NOTE

Check Details

Version: 0.2.0
Check: dependencies in R code
Result: NOTE Namespace in Imports field not imported from: ‘crayon’ All declared Imports should be used. Flavors: r-devel-linux-x86_64-fedora-clang, r-devel-linux-x86_64-fedora-gcc

Version: 0.2.0
Check: LazyData
Result: NOTE 'LazyData' is specified without a 'data' directory Flavors: r-oldrel-macos-arm64, r-oldrel-macos-x86_64, r-oldrel-windows-x86_64