Last updated on 2025-11-04 03:51:06 CET.
| Flavor | Version | Tinstall | Tcheck | Ttotal | Status | Flags | 
|---|---|---|---|---|---|---|
| r-devel-linux-x86_64-debian-clang | 0.4.10 | 175.77 | 50.71 | 226.48 | OK | |
| r-devel-linux-x86_64-debian-gcc | 0.4.10 | 115.53 | 41.28 | 156.81 | OK | |
| r-devel-linux-x86_64-fedora-clang | 0.4.10 | 551.00 | -19.39 | 531.61 | OK | |
| r-devel-linux-x86_64-fedora-gcc | 0.4.10 | 422.00 | 8.45 | 430.45 | OK | |
| r-devel-windows-x86_64 | 0.4.10 | 237.00 | 110.00 | 347.00 | OK | |
| r-patched-linux-x86_64 | 0.4.10 | 166.10 | 50.57 | 216.67 | OK | |
| r-release-linux-x86_64 | 0.4.10 | 167.05 | 50.91 | 217.96 | OK | |
| r-release-macos-arm64 | 0.4.10 | 78.00 | 35.00 | 113.00 | OK | |
| r-release-macos-x86_64 | 0.4.10 | 218.00 | 46.00 | 264.00 | OK | |
| r-release-windows-x86_64 | 0.4.10 | 236.00 | 108.00 | 344.00 | OK | |
| r-oldrel-macos-arm64 | 0.4.10 | 68.00 | 42.00 | 110.00 | NOTE | |
| r-oldrel-macos-x86_64 | 0.4.10 | 209.00 | 72.00 | 281.00 | NOTE | |
| r-oldrel-windows-x86_64 | 0.4.10 | 287.00 | 146.00 | 433.00 | NOTE | 
Version: 0.4.10
Check: installed package size
Result: NOTE
    installed size is  5.4Mb
    sub-directories of 1Mb or more:
      doc    1.7Mb
      libs   3.3Mb
Flavors: r-oldrel-macos-arm64, r-oldrel-macos-x86_64, r-oldrel-windows-x86_64
Version: 0.4.10
Check: for GNU extensions in Makefiles
Result: NOTE
  GNU make is a SystemRequirements.
Flavors: r-oldrel-macos-arm64, r-oldrel-macos-x86_64, r-oldrel-windows-x86_64