Last updated on 2025-11-21 03:51:57 CET.
| Flavor | Version | Tinstall | Tcheck | Ttotal | Status | Flags |
|---|---|---|---|---|---|---|
| r-devel-linux-x86_64-debian-clang | 1.2.4 | 8.47 | 84.86 | 93.33 | NOTE | |
| r-devel-linux-x86_64-debian-gcc | 1.2.4 | 6.29 | 64.04 | 70.33 | NOTE | |
| r-devel-linux-x86_64-fedora-clang | 1.2.4 | 18.00 | 123.80 | 141.80 | OK | |
| r-devel-linux-x86_64-fedora-gcc | 1.2.4 | 31.00 | 121.89 | 152.89 | OK | |
| r-devel-windows-x86_64 | 1.2.4 | 10.00 | 91.00 | 101.00 | OK | |
| r-patched-linux-x86_64 | 1.2.4 | 9.16 | 79.52 | 88.68 | OK | |
| r-release-linux-x86_64 | 1.2.4 | 8.50 | 80.35 | 88.85 | OK | |
| r-release-macos-arm64 | 1.2.4 | OK | ||||
| r-release-macos-x86_64 | 1.2.4 | 9.00 | 88.00 | 97.00 | OK | |
| r-release-windows-x86_64 | 1.2.4 | 9.00 | 91.00 | 100.00 | OK | |
| r-oldrel-macos-arm64 | 1.2.4 | OK | ||||
| r-oldrel-macos-x86_64 | 1.2.4 | 9.00 | 73.00 | 82.00 | OK | |
| r-oldrel-windows-x86_64 | 1.2.4 | 13.00 | 112.00 | 125.00 | OK |
Version: 1.2.4
Check: CRAN incoming feasibility
Result: NOTE
Maintainer: ‘Juliane Manitz <r@manitz.org>’
No Authors@R field in DESCRIPTION.
Please add one, modifying
Authors@R: c(person(given = "Juliane",
family = "Manitz",
role = c("aut", "cre"),
email = "r@manitz.org"),
person(given = "Mark",
family = "Hempelmann",
role = "ctb"),
person(given = "Goeran",
family = "Kauermann",
role = "ctb"),
person(given = "Helmut",
family = "Kuechenhoff",
role = "aut"),
person(given = "Shuai",
family = "Shao",
role = "ctb"),
person(given = "Cornelia",
family = "Oberhauser",
role = "ctb"),
person(given = "Nina",
family = "Westerheide",
role = "ctb"),
person(given = "Manuel",
family = "Wiesenfarth",
role = "ctb"))
as necessary.
Flavors: r-devel-linux-x86_64-debian-clang, r-devel-linux-x86_64-debian-gcc