CRAN Package Check Results for Package saekernel

Last updated on 2025-04-30 03:51:05 CEST.

Flavor Version Tinstall Tcheck Ttotal Status Flags
r-devel-linux-x86_64-debian-clang 0.1.1 1.66 23.09 24.75 NOTE
r-devel-linux-x86_64-debian-gcc 0.1.1 1.36 19.44 20.80 NOTE
r-devel-linux-x86_64-fedora-clang 0.1.1 39.70 OK
r-devel-linux-x86_64-fedora-gcc 0.1.1 50.28 OK
r-devel-windows-x86_64 0.1.1 3.00 46.00 49.00 OK
r-patched-linux-x86_64 0.1.1 1.72 21.27 22.99 OK
r-release-linux-x86_64 0.1.1 1.66 21.05 22.71 OK
r-release-macos-arm64 0.1.1 38.00 OK
r-release-macos-x86_64 0.1.1 43.00 OK
r-release-windows-x86_64 0.1.1 4.00 53.00 57.00 OK
r-oldrel-macos-arm64 0.1.1 22.00 OK
r-oldrel-macos-x86_64 0.1.1 55.00 OK
r-oldrel-windows-x86_64 0.1.1 3.00 45.00 48.00 OK

Check Details

Version: 0.1.1
Check: CRAN incoming feasibility
Result: NOTE Maintainer: ‘Wicak Surya Hasani <221710052@stis.ac.id>’ No Authors@R field in DESCRIPTION. Please add one, modifying Authors@R: c(person(given = c("Wicak", "Surya"), family = "Hasani", role = c("aut", "cre"), email = "221710052@stis.ac.id"), person(given = "Azka", family = "Ubaidillah", role = "aut")) as necessary. Flavors: r-devel-linux-x86_64-debian-clang, r-devel-linux-x86_64-debian-gcc