CRAN Package Check Results for Package saeHB.ZIB

Last updated on 2025-07-28 03:51:25 CEST.

Flavor Version Tinstall Tcheck Ttotal Status Flags
r-devel-linux-x86_64-debian-clang 0.1.1 2.01 27.08 29.09 NOTE
r-devel-linux-x86_64-debian-gcc 0.1.1 1.51 20.82 22.33 NOTE
r-devel-linux-x86_64-fedora-clang 0.1.1 47.09 OK
r-devel-linux-x86_64-fedora-gcc 0.1.1 58.12 OK
r-devel-windows-x86_64 0.1.1 4.00 57.00 61.00 OK
r-patched-linux-x86_64 0.1.1 1.74 25.27 27.01 OK
r-release-linux-x86_64 0.1.1 2.01 25.51 27.52 OK
r-release-macos-arm64 0.1.1 30.00 OK
r-release-macos-x86_64 0.1.1 46.00 OK
r-release-windows-x86_64 0.1.1 3.00 48.00 51.00 OK
r-oldrel-macos-arm64 0.1.1 24.00 OK
r-oldrel-macos-x86_64 0.1.1 35.00 OK
r-oldrel-windows-x86_64 0.1.1 5.00 55.00 60.00 OK

Check Details

Version: 0.1.1
Check: CRAN incoming feasibility
Result: NOTE Maintainer: ‘Rizqina Rahmati <221810583@stis.ac.id>’ No Authors@R field in DESCRIPTION. Please add one, modifying Authors@R: c(person(given = "Rizqina", family = "Rahmati", role = c("aut", "cre"), email = "221810583@stis.ac.id"), person(given = "Azka", family = "Ubaidillah", role = "aut")) as necessary. Flavors: r-devel-linux-x86_64-debian-clang, r-devel-linux-x86_64-debian-gcc