Last updated on 2025-05-02 03:51:21 CEST.
Flavor | Version | Tinstall | Tcheck | Ttotal | Status | Flags |
---|---|---|---|---|---|---|
r-devel-linux-x86_64-debian-clang | 0.2 | 13.33 | 21.28 | 34.61 | OK | |
r-devel-linux-x86_64-debian-gcc | 0.2 | 8.94 | 17.25 | 26.19 | OK | |
r-devel-linux-x86_64-fedora-clang | 0.2 | 65.48 | NOTE | |||
r-devel-linux-x86_64-fedora-gcc | 0.2 | 55.66 | NOTE | |||
r-devel-windows-x86_64 | 0.2 | 17.00 | 64.00 | 81.00 | OK | |
r-patched-linux-x86_64 | 0.2 | 13.06 | 20.95 | 34.01 | OK | |
r-release-linux-x86_64 | OK | |||||
r-release-macos-arm64 | 0.2 | 21.00 | OK | |||
r-release-macos-x86_64 | 0.2 | 31.00 | OK | |||
r-release-windows-x86_64 | 0.2 | 17.00 | 66.00 | 83.00 | OK | |
r-oldrel-macos-arm64 | 0.2 | 22.00 | NOTE | |||
r-oldrel-macos-x86_64 | 0.2 | 29.00 | NOTE | |||
r-oldrel-windows-x86_64 | 0.2 | 18.00 | 69.00 | 87.00 | NOTE |
Version: 0.2
Check: compiled code
Result: NOTE
File ‘rwfec/libs/rwfec.so’:
Found no calls to: ‘R_registerRoutines’, ‘R_useDynamicSymbols’
It is good practice to register native routines and to disable symbol
search.
See ‘Writing portable packages’ in the ‘Writing R Extensions’ manual.
Flavors: r-devel-linux-x86_64-fedora-clang, r-devel-linux-x86_64-fedora-gcc
Version: 0.2
Check: LazyData
Result: NOTE
'LazyData' is specified without a 'data' directory
Flavors: r-oldrel-macos-arm64, r-oldrel-macos-x86_64, r-oldrel-windows-x86_64