Last updated on 2025-11-04 03:51:06 CET.
| Flavor | Version | Tinstall | Tcheck | Ttotal | Status | Flags | 
|---|---|---|---|---|---|---|
| r-devel-linux-x86_64-debian-clang | 0.1.0 | 2.35 | 27.27 | 29.62 | NOTE | |
| r-devel-linux-x86_64-debian-gcc | 0.1.0 | 1.72 | 22.23 | 23.95 | NOTE | |
| r-devel-linux-x86_64-fedora-clang | 0.1.0 | 43.25 | NOTE | |||
| r-devel-linux-x86_64-fedora-gcc | 0.1.0 | 42.11 | NOTE | |||
| r-devel-windows-x86_64 | 0.1.0 | 4.00 | 43.00 | 47.00 | NOTE | |
| r-patched-linux-x86_64 | 0.1.0 | 1.92 | 25.01 | 26.93 | NOTE | |
| r-release-linux-x86_64 | 0.1.0 | 2.14 | 25.34 | 27.48 | NOTE | |
| r-release-macos-arm64 | 0.1.0 | 2.00 | 19.00 | 21.00 | NOTE | |
| r-release-macos-x86_64 | 0.1.0 | 2.00 | 30.00 | 32.00 | NOTE | |
| r-release-windows-x86_64 | 0.1.0 | 4.00 | 43.00 | 47.00 | NOTE | |
| r-oldrel-macos-arm64 | 0.1.0 | 1.00 | 17.00 | 18.00 | OK | |
| r-oldrel-macos-x86_64 | 0.1.0 | 2.00 | 24.00 | 26.00 | OK | |
| r-oldrel-windows-x86_64 | 0.1.0 | 5.00 | 50.00 | 55.00 | OK | 
Version: 0.1.0
Check: DESCRIPTION meta-information
Result: NOTE
    Missing dependency on R >= 4.1.0 because package code uses the pipe
    |> or function shorthand \(...) syntax added in R 4.1.0.
    File(s) using such syntax:
      ‘str_rtl.Rd’
Flavors: r-devel-linux-x86_64-debian-clang, r-devel-linux-x86_64-debian-gcc, r-devel-linux-x86_64-fedora-clang, r-devel-linux-x86_64-fedora-gcc, r-devel-windows-x86_64, r-patched-linux-x86_64, r-release-linux-x86_64, r-release-macos-arm64, r-release-macos-x86_64, r-release-windows-x86_64