Last updated on 2025-05-02 03:51:21 CEST.
Flavor | Version | Tinstall | Tcheck | Ttotal | Status | Flags |
---|---|---|---|---|---|---|
r-devel-linux-x86_64-debian-clang | 0.2.6.1 | 44.44 | 30.35 | 74.79 | NOTE | |
r-devel-linux-x86_64-debian-gcc | 0.2.6.1 | 35.62 | 24.01 | 59.63 | NOTE | |
r-devel-linux-x86_64-fedora-clang | 0.2.6.1 | 125.99 | NOTE | |||
r-devel-linux-x86_64-fedora-gcc | 0.2.6.1 | 134.44 | NOTE | |||
r-devel-windows-x86_64 | 0.2.6.1 | 45.00 | 80.00 | 125.00 | NOTE | |
r-patched-linux-x86_64 | 0.2.6.1 | 50.09 | 28.40 | 78.49 | NOTE | |
r-release-linux-x86_64 | NOTE | |||||
r-release-macos-arm64 | 0.2.6.1 | 47.00 | NOTE | |||
r-release-macos-x86_64 | 0.2.6.1 | 71.00 | NOTE | |||
r-release-windows-x86_64 | 0.2.6.1 | 45.00 | 89.00 | 134.00 | NOTE | |
r-oldrel-macos-arm64 | 0.2.6.1 | 38.00 | NOTE | |||
r-oldrel-macos-x86_64 | 0.2.6.1 | 43.00 | NOTE | |||
r-oldrel-windows-x86_64 | 0.2.6.1 | 41.00 | 87.00 | 128.00 | NOTE |
Version: 0.2.6.1
Check: CRAN incoming feasibility
Result: NOTE
Maintainer: ‘Paul Saary <rtk@paulsaary.de>’
No Authors@R field in DESCRIPTION.
Please add one, modifying
Authors@R: c(person(given = "Paul",
family = "Saary",
role = c("aut", "cre"),
email = "rtk@paulsaary.de"),
person(given = "Falk",
family = "Hildebrand",
role = "aut"))
as necessary.
Flavors: r-devel-linux-x86_64-debian-clang, r-devel-linux-x86_64-debian-gcc
Version: 0.2.6.1
Check: C++ specification
Result: NOTE
Specified C++11: please drop specification unless essential
Flavors: r-devel-linux-x86_64-debian-clang, r-devel-linux-x86_64-debian-gcc, r-devel-linux-x86_64-fedora-clang, r-devel-linux-x86_64-fedora-gcc, r-devel-windows-x86_64, r-patched-linux-x86_64, r-release-linux-x86_64, r-release-macos-arm64, r-release-macos-x86_64, r-release-windows-x86_64, r-oldrel-macos-arm64, r-oldrel-macos-x86_64, r-oldrel-windows-x86_64
Version: 0.2.6.1
Check: installed package size
Result: NOTE
installed size is 7.2Mb
sub-directories of 1Mb or more:
libs 7.1Mb
Flavors: r-oldrel-macos-arm64, r-oldrel-macos-x86_64