Last updated on 2025-05-18 03:50:29 CEST.
Flavor | Version | Tinstall | Tcheck | Ttotal | Status | Flags |
---|---|---|---|---|---|---|
r-devel-linux-x86_64-debian-clang | 0.6.0 | 2.72 | 22.44 | 25.16 | NOTE | |
r-devel-linux-x86_64-debian-gcc | 0.6.0 | 1.72 | 17.56 | 19.28 | NOTE | |
r-devel-linux-x86_64-fedora-clang | 0.6.0 | 39.95 | OK | |||
r-devel-linux-x86_64-fedora-gcc | 0.6.0 | 39.33 | OK | |||
r-devel-windows-x86_64 | 0.6.0 | 5.00 | 42.00 | 47.00 | OK | |
r-patched-linux-x86_64 | 0.6.0 | 2.66 | 21.84 | 24.50 | OK | |
r-release-linux-x86_64 | 0.6.0 | 2.28 | 21.61 | 23.89 | OK | |
r-release-macos-arm64 | 0.6.0 | 18.00 | OK | |||
r-release-macos-x86_64 | 0.6.0 | 27.00 | OK | |||
r-release-windows-x86_64 | 0.6.0 | 4.00 | 51.00 | 55.00 | OK | |
r-oldrel-macos-arm64 | 0.6.0 | 16.00 | OK | |||
r-oldrel-macos-x86_64 | 0.6.0 | 23.00 | OK | |||
r-oldrel-windows-x86_64 | 0.6.0 | 3.00 | 48.00 | 51.00 | OK |
Version: 0.6.0
Check: CRAN incoming feasibility
Result: NOTE
Maintainer: ‘Peter Filzmoser <peter.filzmoser@tuwien.ac.at>’
No Authors@R field in DESCRIPTION.
Please add one, modifying
Authors@R: c(person(given = "Peter",
family = "Filzmoser",
role = c("aut", "cre"),
email = "peter.filzmoser@tuwien.ac.at"),
person(given = "Sukru",
family = "Acitas",
role = "aut"),
person(given = "Birdal",
family = "Senoglu",
role = "aut"),
person(given = "Maximilian",
family = "Plattner",
role = "aut"))
as necessary.
Flavors: r-devel-linux-x86_64-debian-clang, r-devel-linux-x86_64-debian-gcc