CRAN Package Check Results for Package rolocISCCNBS

Last updated on 2025-10-01 03:50:52 CEST.

Flavor Version Tinstall Tcheck Ttotal Status Flags
r-devel-linux-x86_64-debian-clang 0.1 21.19 57.36 78.55 NOTE
r-devel-linux-x86_64-debian-gcc 0.1 11.13 39.05 50.18 NOTE
r-devel-linux-x86_64-fedora-clang 0.1 121.76 OK
r-devel-linux-x86_64-fedora-gcc 0.1 122.51 OK
r-devel-windows-x86_64 0.1 21.00 67.00 88.00 OK
r-patched-linux-x86_64 0.1 18.04 58.73 76.77 OK
r-release-linux-x86_64 0.1 19.93 61.87 81.80 OK
r-release-macos-arm64 0.1 46.00 OK
r-release-macos-x86_64 0.1 93.00 OK
r-release-windows-x86_64 0.1 24.00 67.00 91.00 OK
r-oldrel-macos-arm64 0.1 42.00 NOTE
r-oldrel-macos-x86_64 0.1 66.00 NOTE
r-oldrel-windows-x86_64 0.1 32.00 77.00 109.00 NOTE

Check Details

Version: 0.1
Check: CRAN incoming feasibility
Result: NOTE Maintainer: ‘Paul Murrell <paul@stat.auckland.ac.nz>’ No Authors@R field in DESCRIPTION. Please add one, modifying Authors@R: person(given = "Paul", family = "Murrell", role = c("aut", "cre"), email = "paul@stat.auckland.ac.nz") as necessary. Flavors: r-devel-linux-x86_64-debian-clang, r-devel-linux-x86_64-debian-gcc

Version: 0.1
Check: installed package size
Result: NOTE installed size is 6.5Mb sub-directories of 1Mb or more: R 3.7Mb extdata 2.7Mb Flavors: r-oldrel-macos-arm64, r-oldrel-macos-x86_64, r-oldrel-windows-x86_64