CRAN Package Check Results for Package roloc

Last updated on 2025-11-15 03:50:26 CET.

Flavor Version Tinstall Tcheck Ttotal Status Flags
r-devel-linux-x86_64-debian-clang 0.1-2 2.52 27.30 29.82 NOTE
r-devel-linux-x86_64-debian-gcc 0.1-2 1.96 22.19 24.15 NOTE
r-devel-linux-x86_64-fedora-clang 0.1-2 44.48 OK
r-devel-linux-x86_64-fedora-gcc 0.1-2 43.86 OK
r-devel-windows-x86_64 0.1-2 6.00 45.00 51.00 OK
r-patched-linux-x86_64 0.1-2 2.37 25.89 28.26 OK
r-release-linux-x86_64 0.1-2 2.38 25.98 28.36 OK
r-release-macos-arm64 0.1-2 2.00 19.00 21.00 OK
r-release-macos-x86_64 0.1-2 3.00 40.00 43.00 OK
r-release-windows-x86_64 0.1-2 5.00 44.00 49.00 OK
r-oldrel-macos-arm64 0.1-2 1.00 24.00 25.00 OK
r-oldrel-macos-x86_64 0.1-2 2.00 27.00 29.00 OK
r-oldrel-windows-x86_64 0.1-2 5.00 53.00 58.00 OK

Check Details

Version: 0.1-2
Check: CRAN incoming feasibility
Result: NOTE Maintainer: ‘Paul Murrell <paul@stat.auckland.ac.nz>’ No Authors@R field in DESCRIPTION. Please add one, modifying Authors@R: person(given = "Paul", family = "Murrell", role = c("aut", "cre"), email = "paul@stat.auckland.ac.nz") as necessary. Flavors: r-devel-linux-x86_64-debian-clang, r-devel-linux-x86_64-debian-gcc