CRAN Package Check Results for Package roccv

Last updated on 2025-07-16 03:50:42 CEST.

Flavor Version Tinstall Tcheck Ttotal Status Flags
r-devel-linux-x86_64-debian-clang 1.2 6.79 56.72 63.51 NOTE
r-devel-linux-x86_64-debian-gcc 1.2 5.35 44.42 49.77 NOTE
r-devel-linux-x86_64-fedora-clang 1.2 96.89 OK
r-devel-linux-x86_64-fedora-gcc 1.2 92.26 OK
r-devel-windows-x86_64 1.2 8.00 74.00 82.00 OK
r-patched-linux-x86_64 1.2 6.74 54.34 61.08 OK
r-release-linux-x86_64 1.2 5.59 53.34 58.93 OK
r-release-macos-arm64 1.2 38.00 OK
r-release-macos-x86_64 1.2 71.00 OK
r-release-windows-x86_64 1.2 8.00 78.00 86.00 OK
r-oldrel-macos-arm64 1.2 30.00 OK
r-oldrel-macos-x86_64 1.2 56.00 OK
r-oldrel-windows-x86_64 1.2 11.00 90.00 101.00 OK

Check Details

Version: 1.2
Check: CRAN incoming feasibility
Result: NOTE Maintainer: ‘Ben Sherwood <ben.sherwood@ku.edu>’ No Authors@R field in DESCRIPTION. Please add one, modifying Authors@R: person(given = "Ben", family = "Sherwood", role = c("aut", "cre"), email = "ben.sherwood@ku.edu") as necessary. Flavors: r-devel-linux-x86_64-debian-clang, r-devel-linux-x86_64-debian-gcc