CRAN Package Check Results for Package rocNIT

Last updated on 2025-04-29 03:52:18 CEST.

Flavor Version Tinstall Tcheck Ttotal Status Flags
r-devel-linux-x86_64-debian-clang 1.0 1.68 16.58 18.26 OK
r-devel-linux-x86_64-debian-gcc 1.0 1.40 13.94 15.34 NOTE
r-devel-linux-x86_64-fedora-clang 1.0 29.13 OK
r-devel-linux-x86_64-fedora-gcc 1.0 27.41 OK
r-devel-windows-x86_64 1.0 2.00 34.00 36.00 OK
r-patched-linux-x86_64 1.0 1.68 16.41 18.09 OK
r-release-linux-x86_64 1.0 1.59 16.26 17.85 OK
r-release-macos-arm64 1.0 14.00 OK
r-release-macos-x86_64 1.0 22.00 OK
r-release-windows-x86_64 1.0 3.00 37.00 40.00 OK
r-oldrel-macos-arm64 1.0 14.00 NOTE
r-oldrel-macos-x86_64 1.0 18.00 NOTE
r-oldrel-windows-x86_64 1.0 2.00 35.00 37.00 NOTE

Check Details

Version: 1.0
Check: CRAN incoming feasibility
Result: NOTE Maintainer: ‘Zhicheng Du<dgdzc@hotmail.com>’ No Authors@R field in DESCRIPTION. Please add one, modifying Authors@R: c(person(given = "Zhicheng", family = "Du", role = c("aut", "cre"), email = "dgdzc@hotmail.com"), person(given = "Yuantao", family = "Hao", role = "aut")) as necessary. Found the following \keyword or \concept entries which likely give several index terms: File ‘rocNIT.Rd’: \keyword{Non-inferiority test, receiver operating [TRUNCATED] Flavor: r-devel-linux-x86_64-debian-gcc

Version: 1.0
Check: LazyData
Result: NOTE 'LazyData' is specified without a 'data' directory Flavors: r-oldrel-macos-arm64, r-oldrel-macos-x86_64, r-oldrel-windows-x86_64