Last updated on 2025-11-15 03:50:26 CET.
| Flavor | Version | Tinstall | Tcheck | Ttotal | Status | Flags |
|---|---|---|---|---|---|---|
| r-devel-linux-x86_64-debian-clang | 0.1.2 | 166.13 | 48.77 | 214.90 | NOTE | |
| r-devel-linux-x86_64-debian-gcc | 0.1.2 | 102.57 | 36.75 | 139.32 | NOTE | |
| r-devel-linux-x86_64-fedora-clang | 0.1.2 | 369.00 | 66.50 | 435.50 | OK | |
| r-devel-linux-x86_64-fedora-gcc | 0.1.2 | 409.00 | -15.07 | 393.93 | OK | |
| r-devel-windows-x86_64 | 0.1.2 | 186.00 | 86.00 | 272.00 | NOTE | |
| r-patched-linux-x86_64 | 0.1.2 | 162.92 | 45.19 | 208.11 | OK | |
| r-release-linux-x86_64 | 0.1.2 | 159.61 | 44.80 | 204.41 | OK | |
| r-release-macos-arm64 | 0.1.2 | 57.00 | 31.00 | 88.00 | OK | |
| r-release-macos-x86_64 | 0.1.2 | 52.00 | 51.00 | 103.00 | OK | |
| r-release-windows-x86_64 | 0.1.2 | 174.00 | 92.00 | 266.00 | OK | |
| r-oldrel-macos-arm64 | 0.1.2 | 44.00 | 30.00 | 74.00 | NOTE | |
| r-oldrel-macos-x86_64 | 0.1.2 | 88.00 | 66.00 | 154.00 | NOTE | |
| r-oldrel-windows-x86_64 | 0.1.2 | 213.00 | 110.00 | 323.00 | OK |
Version: 0.1.2
Check: Rd files
Result: NOTE
checkRd: (-1) roben-package.Rd:16-20: Only 2 columns allowed in this table (row 2 has 1)
checkRd: (-1) roben-package.Rd:16-20: Only 2 columns allowed in this table (row 4 has 1)
Flavors: r-devel-linux-x86_64-debian-clang, r-devel-linux-x86_64-debian-gcc, r-devel-windows-x86_64
Version: 0.1.2
Check: installed package size
Result: NOTE
installed size is 8.8Mb
sub-directories of 1Mb or more:
libs 8.2Mb
Flavors: r-oldrel-macos-arm64, r-oldrel-macos-x86_64