Last updated on 2025-07-19 03:48:45 CEST.
Flavor | Version | Tinstall | Tcheck | Ttotal | Status | Flags |
---|---|---|---|---|---|---|
r-devel-linux-x86_64-debian-clang | 0.1.6 | 121.20 | 100.87 | 222.07 | OK | |
r-devel-linux-x86_64-debian-gcc | 0.1.6 | 93.58 | 79.12 | 172.70 | OK | |
r-devel-linux-x86_64-fedora-clang | 0.1.6 | 359.52 | OK | |||
r-devel-linux-x86_64-fedora-gcc | 0.1.6 | 407.52 | OK | |||
r-devel-windows-x86_64 | 0.1.6 | 134.00 | 152.00 | 286.00 | OK | |
r-patched-linux-x86_64 | 0.1.6 | 133.91 | 94.90 | 228.81 | OK | |
r-release-linux-x86_64 | 0.1.6 | 129.04 | 95.02 | 224.06 | OK | |
r-release-macos-arm64 | 0.1.6 | 126.00 | OK | |||
r-release-macos-x86_64 | 0.1.6 | 190.00 | OK | |||
r-release-windows-x86_64 | 0.1.6 | 127.00 | 144.00 | 271.00 | OK | |
r-oldrel-macos-arm64 | 0.1.6 | 128.00 | NOTE | |||
r-oldrel-macos-x86_64 | 0.1.6 | 129.00 | NOTE | |||
r-oldrel-windows-x86_64 | 0.1.6 | 158.00 | 183.00 | 341.00 | OK |
Version: 0.1.6
Check: installed package size
Result: NOTE
installed size is 13.5Mb
sub-directories of 1Mb or more:
libs 12.4Mb
Flavors: r-oldrel-macos-arm64, r-oldrel-macos-x86_64