CRAN Package Check Results for Package rmonocypher

Last updated on 2025-07-19 03:48:45 CEST.

Flavor Version Tinstall Tcheck Ttotal Status Flags
r-devel-linux-x86_64-debian-clang 0.1.8 5.75 46.74 52.49 NOTE
r-devel-linux-x86_64-debian-gcc 0.1.8 4.42 34.31 38.73 NOTE
r-devel-linux-x86_64-fedora-clang 0.1.8 83.56 NOTE
r-devel-linux-x86_64-fedora-gcc 0.1.8 95.17 NOTE
r-devel-windows-x86_64 0.1.8 12.00 67.00 79.00 NOTE
r-patched-linux-x86_64 0.1.8 5.64 41.21 46.85 NOTE
r-release-linux-x86_64 0.1.8 5.32 43.00 48.32 NOTE
r-release-macos-arm64 0.1.8 44.00 NOTE
r-release-macos-x86_64 0.1.8 78.00 NOTE
r-release-windows-x86_64 0.1.8 12.00 67.00 79.00 NOTE
r-oldrel-macos-arm64 0.1.8 49.00 OK
r-oldrel-macos-x86_64 0.1.8 85.00 OK
r-oldrel-windows-x86_64 0.1.8 10.00 81.00 91.00 OK

Check Details

Version: 0.1.8
Check: DESCRIPTION meta-information
Result: NOTE Missing dependency on R >= 4.1.0 because package code uses the pipe |> or function shorthand \(...) syntax added in R 4.1.0. File(s) using such syntax: ‘decrypt.Rd’ ‘encrypt.Rd’ ‘encrypt_raw.Rd’ Flavors: r-devel-linux-x86_64-debian-clang, r-devel-linux-x86_64-debian-gcc, r-devel-linux-x86_64-fedora-clang, r-devel-linux-x86_64-fedora-gcc, r-devel-windows-x86_64, r-patched-linux-x86_64, r-release-linux-x86_64, r-release-macos-arm64, r-release-macos-x86_64, r-release-windows-x86_64