CRAN Package Check Results for Package rlfsm

Last updated on 2025-11-15 03:50:26 CET.

Flavor Version Tinstall Tcheck Ttotal Status Flags
r-devel-linux-x86_64-debian-clang 1.1.2 12.66 78.51 91.17 NOTE
r-devel-linux-x86_64-debian-gcc 1.1.2 9.72 56.22 65.94 NOTE
r-devel-linux-x86_64-fedora-clang 1.1.2 82.00 78.07 160.07 OK
r-devel-linux-x86_64-fedora-gcc 1.1.2 31.00 112.70 143.70 OK
r-devel-windows-x86_64 1.1.2 21.00 122.00 143.00 OK
r-patched-linux-x86_64 1.1.2 13.26 76.02 89.28 OK
r-release-linux-x86_64 1.1.2 12.26 75.48 87.74 OK
r-release-macos-arm64 1.1.2 7.00 35.00 42.00 OK
r-release-macos-x86_64 1.1.2 11.00 62.00 73.00 OK
r-release-windows-x86_64 1.1.2 19.00 112.00 131.00 OK
r-oldrel-macos-arm64 1.1.2 8.00 32.00 40.00 OK
r-oldrel-macos-x86_64 1.1.2 13.00 54.00 67.00 OK
r-oldrel-windows-x86_64 1.1.2 25.00 145.00 170.00 OK

Check Details

Version: 1.1.2
Check: CRAN incoming feasibility
Result: NOTE Maintainer: ‘Dmitry Otryakhin <d.otryakhin.acad@protonmail.ch>’ Package CITATION file contains call(s) to old-style citEntry(). Please use bibentry() instead. The Description field contains Otryakhin and Podolskij (2018) <arXiv:1802.06373>, and also different Please refer to arXiv e-prints via their arXiv DOI <doi:10.48550/arXiv.YYMM.NNNNN>. Flavors: r-devel-linux-x86_64-debian-clang, r-devel-linux-x86_64-debian-gcc