Last updated on 2025-05-04 03:51:04 CEST.
Flavor | Version | Tinstall | Tcheck | Ttotal | Status | Flags |
---|---|---|---|---|---|---|
r-devel-linux-x86_64-debian-clang | 1.0.2 | 4.77 | 19.25 | 24.02 | NOTE | |
r-devel-linux-x86_64-debian-gcc | 1.0.2 | 3.86 | 15.39 | 19.25 | NOTE | |
r-devel-linux-x86_64-fedora-clang | 1.0.2 | 38.12 | OK | |||
r-devel-linux-x86_64-fedora-gcc | 1.0.2 | 36.00 | OK | |||
r-devel-windows-x86_64 | 1.0.2 | 7.00 | 55.00 | 62.00 | OK | |
r-patched-linux-x86_64 | 1.0.2 | 4.88 | 18.63 | 23.51 | OK | |
r-release-linux-x86_64 | OK | |||||
r-release-macos-arm64 | 1.0.2 | 19.00 | OK | |||
r-release-macos-x86_64 | 1.0.2 | 28.00 | OK | |||
r-release-windows-x86_64 | 1.0.2 | 6.00 | 46.00 | 52.00 | OK | |
r-oldrel-macos-arm64 | 1.0.2 | 17.00 | NOTE | |||
r-oldrel-macos-x86_64 | 1.0.2 | 25.00 | NOTE | |||
r-oldrel-windows-x86_64 | 1.0.2 | 7.00 | 47.00 | 54.00 | NOTE |
Version: 1.0.2
Check: CRAN incoming feasibility
Result: NOTE
Maintainer: ‘Xiang LI <ynaulx@gmail.com>’
No Authors@R field in DESCRIPTION.
Please add one, modifying
Authors@R: c(person(given = "Xiang",
family = "LI",
role = c("aut", "cre"),
email = "ynaulx@gmail.com"),
person(given = "Linna",
family = "MA",
role = "aut"))
as necessary.
Flavors: r-devel-linux-x86_64-debian-clang, r-devel-linux-x86_64-debian-gcc
Version: 1.0.2
Check: LazyData
Result: NOTE
'LazyData' is specified without a 'data' directory
Flavors: r-oldrel-macos-arm64, r-oldrel-macos-x86_64, r-oldrel-windows-x86_64