Last updated on 2025-07-19 03:48:44 CEST.
Flavor | Version | Tinstall | Tcheck | Ttotal | Status | Flags |
---|---|---|---|---|---|---|
r-devel-linux-x86_64-debian-clang | 0.2.7 | 9.21 | 92.24 | 101.45 | OK | |
r-devel-linux-x86_64-debian-gcc | 0.2.7 | 6.15 | 64.57 | 70.72 | ERROR | |
r-devel-linux-x86_64-fedora-clang | 0.2.7 | 224.41 | OK | |||
r-devel-linux-x86_64-fedora-gcc | 0.2.7 | 238.87 | OK | |||
r-devel-windows-x86_64 | 0.2.7 | 54.00 | 607.00 | 661.00 | OK | |
r-patched-linux-x86_64 | 0.2.7 | 7.58 | 85.85 | 93.43 | OK | |
r-release-linux-x86_64 | 0.2.7 | 8.22 | 86.87 | 95.09 | OK | |
r-release-macos-arm64 | 0.2.7 | 76.00 | OK | |||
r-release-macos-x86_64 | 0.2.7 | 111.00 | OK | |||
r-release-windows-x86_64 | 0.2.7 | 64.00 | 509.00 | 573.00 | OK | |
r-oldrel-macos-arm64 | 0.2.7 | 60.00 | OK | |||
r-oldrel-macos-x86_64 | 0.2.7 | 86.00 | OK | |||
r-oldrel-windows-x86_64 | 0.2.7 | 27.00 | 373.00 | 400.00 | OK |
Version: 0.2.7
Check: whether the package can be loaded
Result: ERROR
Error in python_config_impl(python) :
Error running '/tmp/check-CRAN-regular-hornik/cache/R/reticulate/uv/cache/builds-v0/.tmpT6isUB/bin/python': No such file.
In addition: Warning message:
In normalizePath(python_home) :
path[1]="/tmp/check-CRAN-regular-hornik/cache/R/reticulate/uv/cache/builds-v0/.tmpT6isUB/bin": No such file or directory
Error in python_config_impl(python) :
Error running '/tmp/check-CRAN-regular-hornik/cache/R/reticulate/uv/cache/builds-v0/.tmpazytWp/bin/python': No such file.
In addition: Warning message:
In normalizePath(python_home) :
path[1]="/tmp/check-CRAN-regular-hornik/cache/R/reticulate/uv/cache/builds-v0/.tmpazytWp/bin": No such file or directory
rgeedim v0.2.7 -- using geedim <Not Found> w/ earthengine-api <Not Found>
It looks like this package has a loading problem: see the messages for
details.
Flavor: r-devel-linux-x86_64-debian-gcc
Version: 0.2.7
Check: whether the package can be loaded with stated dependencies
Result: WARN
Error in python_config_impl(python) :
Error running '/tmp/check-CRAN-regular-hornik/cache/R/reticulate/uv/cache/builds-v0/.tmp76FGjW/bin/python': No such file.
In addition: Warning message:
In normalizePath(python_home) :
path[1]="/tmp/check-CRAN-regular-hornik/cache/R/reticulate/uv/cache/builds-v0/.tmp76FGjW/bin": No such file or directory
Error in python_config_impl(python) :
Error running '/tmp/check-CRAN-regular-hornik/cache/R/reticulate/uv/cache/builds-v0/.tmpPEstx7/bin/python': No such file.
In addition: Warning message:
In normalizePath(python_home) :
path[1]="/tmp/check-CRAN-regular-hornik/cache/R/reticulate/uv/cache/builds-v0/.tmpPEstx7/bin": No such file or directory
rgeedim v0.2.7 -- using geedim <Not Found> w/ earthengine-api <Not Found>
It looks like this package (or one of its dependent packages) has an
unstated dependence on a standard package. All dependencies must be
declared in DESCRIPTION.
See section ‘The DESCRIPTION file’ in the ‘Writing R Extensions’
manual.
Flavor: r-devel-linux-x86_64-debian-gcc
Version: 0.2.7
Check: whether the package can be unloaded cleanly
Result: WARN
---- unloading
Flavor: r-devel-linux-x86_64-debian-gcc
Version: 0.2.7
Check: loading without being on the library search path
Result: WARN
Error in python_config_impl(python) :
Error running '/tmp/check-CRAN-regular-hornik/cache/R/reticulate/uv/cache/builds-v0/.tmpWac1Eb/bin/python': No such file.
In addition: Warning message:
In normalizePath(python_home) :
path[1]="/tmp/check-CRAN-regular-hornik/cache/R/reticulate/uv/cache/builds-v0/.tmpWac1Eb/bin": No such file or directory
Error in python_config_impl(python) :
Error running '/tmp/check-CRAN-regular-hornik/cache/R/reticulate/uv/cache/builds-v0/.tmpmtk4lG/bin/python': No such file.
In addition: Warning message:
In normalizePath(python_home) :
path[1]="/tmp/check-CRAN-regular-hornik/cache/R/reticulate/uv/cache/builds-v0/.tmpmtk4lG/bin": No such file or directory
rgeedim v0.2.7 -- using geedim <Not Found> w/ earthengine-api <Not Found>
It looks like this package has a loading problem when not on .libPaths:
see the messages for details.
Flavor: r-devel-linux-x86_64-debian-gcc
Version: 0.2.7
Check: whether startup messages can be suppressed
Result: NOTE
Error in python_config_impl(python) :
Error running '/tmp/check-CRAN-regular-hornik/cache/R/reticulate/uv/cache/builds-v0/.tmp64621X/bin/python': No such file.
Error in python_config_impl(python) :
Error running '/tmp/check-CRAN-regular-hornik/cache/R/reticulate/uv/cache/builds-v0/.tmppadVLR/bin/python': No such file.
It looks like this package (or a package it requires) has a startup
message which cannot be suppressed: see ?packageStartupMessage.
Flavor: r-devel-linux-x86_64-debian-gcc