Last updated on 2025-05-18 03:50:28 CEST.
Flavor | Version | Tinstall | Tcheck | Ttotal | Status | Flags |
---|---|---|---|---|---|---|
r-devel-linux-x86_64-debian-clang | 1.6 | 13.98 | 144.41 | 158.39 | NOTE | |
r-devel-linux-x86_64-debian-gcc | 1.6 | 9.91 | 101.28 | 111.19 | NOTE | |
r-devel-linux-x86_64-fedora-clang | 1.6 | 247.39 | OK | |||
r-devel-linux-x86_64-fedora-gcc | 1.6 | 240.93 | OK | |||
r-devel-windows-x86_64 | 1.6 | 17.00 | 170.00 | 187.00 | NOTE | |
r-patched-linux-x86_64 | 1.6 | 13.38 | 138.29 | 151.67 | NOTE | |
r-release-linux-x86_64 | 1.6 | 13.95 | 136.58 | 150.53 | NOTE | |
r-release-macos-arm64 | 1.6 | 90.00 | OK | |||
r-release-macos-x86_64 | 1.6 | 146.00 | OK | |||
r-release-windows-x86_64 | 1.6 | 16.00 | 198.00 | 214.00 | NOTE | |
r-oldrel-macos-arm64 | 1.6 | 83.00 | OK | |||
r-oldrel-macos-x86_64 | 1.6 | 142.00 | OK | |||
r-oldrel-windows-x86_64 | 1.6 | 20.00 | 211.00 | 231.00 | OK |
Version: 1.6
Check: CRAN incoming feasibility
Result: NOTE
Maintainer: ‘Adam Petrie <apetrie@utk.edu>’
No Authors@R field in DESCRIPTION.
Please add one, modifying
Authors@R: person(given = "Adam",
family = "Petrie",
role = c("aut", "cre"),
email = "apetrie@utk.edu")
as necessary.
Flavors: r-devel-linux-x86_64-debian-clang, r-devel-linux-x86_64-debian-gcc
Version: 1.6
Check: Rd cross-references
Result: NOTE
Found the following Rd file(s) with Rd \link{} targets missing package
anchors:
associate.Rd: vglm
build_model.Rd: bestglm, regsubsets
build_tree.Rd: rpart
generalization_error.Rd: rpart, randomForest
getcp.Rd: rpart
see_models.Rd: regsubsets
summarize_tree.Rd: rpart, randomForest
visualize_model.Rd: rpart
Please provide package anchors for all Rd \link{} targets not in the
package itself and the base packages.
Flavors: r-devel-linux-x86_64-debian-clang, r-devel-linux-x86_64-debian-gcc, r-devel-windows-x86_64, r-patched-linux-x86_64, r-release-linux-x86_64, r-release-windows-x86_64