Last updated on 2025-11-21 03:51:55 CET.
| Flavor | Version | Tinstall | Tcheck | Ttotal | Status | Flags |
|---|---|---|---|---|---|---|
| r-devel-linux-x86_64-debian-clang | 4.3.1 | 295.08 | 263.95 | 559.03 | OK | |
| r-devel-linux-x86_64-debian-gcc | 4.3.1 | 198.35 | 148.06 | 346.41 | ERROR | |
| r-devel-linux-x86_64-fedora-clang | 4.3.1 | 414.00 | 618.28 | 1032.28 | OK | |
| r-devel-linux-x86_64-fedora-gcc | 4.3.1 | 720.00 | 274.80 | 994.80 | OK | |
| r-devel-windows-x86_64 | 4.3.1 | 383.00 | 324.00 | 707.00 | OK | |
| r-patched-linux-x86_64 | 4.3.1 | 296.02 | 250.26 | 546.28 | OK | |
| r-release-linux-x86_64 | 4.3.1 | 299.57 | 250.79 | 550.36 | OK | |
| r-release-macos-arm64 | 4.3.1 | OK | ||||
| r-release-macos-x86_64 | 4.3.1 | 93.00 | 314.00 | 407.00 | OK | |
| r-release-windows-x86_64 | 4.3.1 | 336.00 | 326.00 | 662.00 | OK | |
| r-oldrel-macos-arm64 | 4.3.1 | NOTE | ||||
| r-oldrel-macos-x86_64 | 4.3.1 | 94.00 | 299.00 | 393.00 | NOTE | |
| r-oldrel-windows-x86_64 | 4.3.1 | 403.00 | 407.00 | 810.00 | NOTE |
Version: 4.3.1
Check: re-building of vignette outputs
Result: ERROR
Error(s) in re-building vignettes:
...
--- re-building ‘common_args.Rmd’ using rmarkdown
[WARNING] Deprecated: --highlight-style. Use --syntax-highlighting instead.
--- finished re-building ‘common_args.Rmd’
--- re-building ‘flip.Rmd’ using rmarkdown
[WARNING] Deprecated: --highlight-style. Use --syntax-highlighting instead.
--- finished re-building ‘flip.Rmd’
--- re-building ‘map-preproc.Rmd’ using rmarkdown
trying URL 'https://github.com/alarm-redist/redist-data/raw/main/data/king_county.rds'
Quitting from map-preproc.Rmd:70-70
~~~~~~~~~~~~~~~~~~~~~~~~~~~~~~~~~~~~~~~~~~~~~~~~~~~~~~~~~~~~~~~~~~~~~~~~~~~~~~~~
<error/rlang_error>
Error:
! object 'n_city' not found
~~~~~~~~~~~~~~~~~~~~~~~~~~~~~~~~~~~~~~~~~~~~~~~~~~~~~~~~~~~~~~~~~~~~~~~~~~~~~~~~
Error: processing vignette 'map-preproc.Rmd' failed with diagnostics:
object 'n_city' not found
--- failed re-building ‘map-preproc.Rmd’
--- re-building ‘redist.Rmd’ using rmarkdown
starting worker pid=1082963 on localhost:11172 at 18:17:02.515
starting worker pid=1082961 on localhost:11172 at 18:17:02.539
Loading required package: redist
Loading required package: redistmetrics
Attaching package: ‘redist’
The following object is masked from ‘package:stats’:
filter
loaded redist and set parent environment
Loading required package: foreach
Loading required package: rngtools
Loading required package: redist
Loading required package: redistmetrics
Attaching package: ‘redist’
The following object is masked from ‘package:stats’:
filter
loaded redist and set parent environment
Loading required package: foreach
Loading required package: rngtools
SEQUENTIAL MONTE CARLO
Sampling 500 99-unit maps with 4 districts and population between 753973 and 769205.
Split [0/3] ■ | ETA?
Split [3/3] ■■■■■■■■■■■■■■■■■■■■■■■■■■■■■■■ | ETA 0s
[WARNING] Deprecated: --highlight-style. Use --syntax-highlighting instead.
--- finished re-building ‘redist.Rmd’
SUMMARY: processing the following file failed:
‘map-preproc.Rmd’
Error: Vignette re-building failed.
Execution halted
Flavor: r-devel-linux-x86_64-debian-gcc
Version: 4.3.1
Check: package dependencies
Result: NOTE
Package suggested but not available for checking: ‘Rmpi’
Flavors: r-oldrel-macos-arm64, r-oldrel-macos-x86_64
Version: 4.3.1
Check: installed package size
Result: NOTE
installed size is 19.2Mb
sub-directories of 1Mb or more:
data 1.2Mb
libs 15.3Mb
Flavors: r-oldrel-macos-arm64, r-oldrel-macos-x86_64, r-oldrel-windows-x86_64