Last updated on 2025-05-07 03:51:11 CEST.
Flavor | Version | Tinstall | Tcheck | Ttotal | Status | Flags |
---|---|---|---|---|---|---|
r-devel-linux-x86_64-debian-clang | 0.2-0 | 6.95 | 38.70 | 45.65 | NOTE | |
r-devel-linux-x86_64-debian-gcc | 0.2-0 | 5.69 | 29.11 | 34.80 | NOTE | |
r-devel-linux-x86_64-fedora-clang | 0.2-0 | 77.49 | OK | |||
r-devel-linux-x86_64-fedora-gcc | 0.2-0 | 71.64 | OK | |||
r-devel-windows-x86_64 | 0.2-0 | 7.00 | 56.00 | 63.00 | OK | |
r-patched-linux-x86_64 | 0.2-0 | 7.22 | 38.48 | 45.70 | OK | |
r-release-linux-x86_64 | 0.2-0 | 7.12 | 37.19 | 44.31 | OK | |
r-release-macos-arm64 | 0.2-0 | 25.00 | OK | |||
r-release-macos-x86_64 | 0.2-0 | 44.00 | OK | |||
r-release-windows-x86_64 | 0.2-0 | 7.00 | 56.00 | 63.00 | OK | |
r-oldrel-macos-arm64 | 0.2-0 | 26.00 | OK | |||
r-oldrel-macos-x86_64 | 0.2-0 | 36.00 | OK | |||
r-oldrel-windows-x86_64 | 0.2-0 | 10.00 | 66.00 | 76.00 | OK |
Version: 0.2-0
Check: CRAN incoming feasibility
Result: NOTE
Maintainer: ‘Michael Hahsler <mhahsler@smu.edu>’
No Authors@R field in DESCRIPTION.
Please add one, modifying
Authors@R: person(given = "Michael",
family = "Hahsler",
role = c("aut", "cre"),
email = "mhahsler@smu.edu")
as necessary.
Flavors: r-devel-linux-x86_64-debian-clang, r-devel-linux-x86_64-debian-gcc