Last updated on 2025-05-06 03:51:13 CEST.
Flavor | Version | Tinstall | Tcheck | Ttotal | Status | Flags |
---|---|---|---|---|---|---|
r-devel-linux-x86_64-debian-clang | 2.9 | 11.31 | 89.36 | 100.67 | NOTE | |
r-devel-linux-x86_64-debian-gcc | 2.9 | 7.44 | 64.48 | 71.92 | NOTE | |
r-devel-linux-x86_64-fedora-clang | 2.9 | 153.49 | OK | |||
r-devel-linux-x86_64-fedora-gcc | 2.9 | 158.45 | OK | |||
r-devel-windows-x86_64 | 2.9 | 12.00 | 101.00 | 113.00 | OK | |
r-patched-linux-x86_64 | 2.9 | 9.79 | 87.17 | 96.96 | OK | |
r-release-linux-x86_64 | 2.9 | 10.04 | 85.00 | 95.04 | OK | |
r-release-macos-arm64 | 2.9 | 42.00 | OK | |||
r-release-macos-x86_64 | 2.9 | 77.00 | OK | |||
r-release-windows-x86_64 | 2.9 | 13.00 | 104.00 | 117.00 | OK | |
r-oldrel-macos-arm64 | 2.9 | 41.00 | OK | |||
r-oldrel-macos-x86_64 | 2.9 | 61.00 | OK | |||
r-oldrel-windows-x86_64 | 2.9 | 16.00 | 128.00 | 144.00 | OK |
Version: 2.9
Check: CRAN incoming feasibility
Result: NOTE
Maintainer: ‘Leonardo Dapporto <leondap@gmail.com>’
No Authors@R field in DESCRIPTION.
Please add one, modifying
Authors@R: c(person(given = "Leonardo",
family = "Dapporto",
role = c("aut", "cre"),
email = "leondap@gmail.com"),
person(given = "Matteo",
family = "Ramazzotti",
role = "aut"),
person(given = "Simone",
family = "Fattorini",
role = "aut"),
person(given = "Roger",
family = "Vila",
role = "aut"),
person(given = "Gerard",
family = "Talavera",
role = "aut"),
person(given = c("Roger", "H.L."),
family = "Dennis",
role = "aut"))
as necessary.
Flavors: r-devel-linux-x86_64-debian-clang, r-devel-linux-x86_64-debian-gcc