Last updated on 2025-05-02 03:51:19 CEST.
Flavor | Version | Tinstall | Tcheck | Ttotal | Status | Flags |
---|---|---|---|---|---|---|
r-devel-linux-x86_64-debian-clang | 1.0.14 | 7.47 | 129.79 | 137.26 | NOTE | |
r-devel-linux-x86_64-debian-gcc | 1.0.14 | 5.63 | 95.35 | 100.98 | NOTE | |
r-devel-linux-x86_64-fedora-clang | 1.0.14 | 221.21 | NOTE | |||
r-devel-linux-x86_64-fedora-gcc | 1.0.14 | 200.05 | NOTE | |||
r-devel-windows-x86_64 | 1.0.14 | 12.00 | 135.00 | 147.00 | NOTE | |
r-patched-linux-x86_64 | 1.0.14 | 7.91 | 124.32 | 132.23 | NOTE | |
r-release-linux-x86_64 | NOTE | |||||
r-release-macos-arm64 | 1.0.14 | 51.00 | NOTE | |||
r-release-macos-x86_64 | 1.0.14 | 154.00 | NOTE | |||
r-release-windows-x86_64 | 1.0.14 | 15.00 | 134.00 | 149.00 | NOTE | |
r-oldrel-macos-arm64 | 1.0.14 | 78.00 | OK | |||
r-oldrel-macos-x86_64 | 1.0.14 | 110.00 | OK | |||
r-oldrel-windows-x86_64 | 1.0.14 | 17.00 | 166.00 | 183.00 | OK |
Version: 1.0.14
Check: DESCRIPTION meta-information
Result: NOTE
Missing dependency on R >= 4.1.0 because package code uses the pipe
|> or function shorthand \(...) syntax added in R 4.1.0.
File(s) using such syntax:
‘helpers-process-tracing.R’ ‘process_tracing_estimator.Rd’
Flavors: r-devel-linux-x86_64-debian-clang, r-devel-linux-x86_64-debian-gcc, r-devel-linux-x86_64-fedora-clang, r-devel-linux-x86_64-fedora-gcc, r-devel-windows-x86_64, r-patched-linux-x86_64, r-release-linux-x86_64, r-release-macos-arm64, r-release-windows-x86_64
Version: 1.0.14
Check: examples
Result: NOTE
Examples with CPU (user + system) or elapsed time > 5s
user system elapsed
process_tracing_estimator 5.65 0.273 6.548
Flavor: r-devel-linux-x86_64-debian-clang
Version: 1.0.14
Check: DESCRIPTION meta-information
Result: NOTE
Missing dependency on R >= 4.1.0 because package code uses the pipe
|> or function shorthand \(...) syntax added in R 4.1.0.
File(s) using such syntax:
‘helpers-process-tracing.R’
Flavor: r-release-macos-x86_64