Last updated on 2025-11-21 03:51:54 CET.
| Flavor | Version | Tinstall | Tcheck | Ttotal | Status | Flags |
|---|---|---|---|---|---|---|
| r-devel-linux-x86_64-debian-clang | 1.6 | 17.16 | 51.60 | 68.76 | NOTE | |
| r-devel-linux-x86_64-debian-gcc | 1.6 | 15.25 | 41.04 | 56.29 | NOTE | |
| r-devel-linux-x86_64-fedora-clang | 1.6 | 30.00 | 73.86 | 103.86 | OK | |
| r-devel-linux-x86_64-fedora-gcc | 1.6 | 45.00 | 77.44 | 122.44 | OK | |
| r-devel-windows-x86_64 | 1.6 | 39.00 | 106.00 | 145.00 | OK | |
| r-patched-linux-x86_64 | 1.6 | 18.05 | 49.73 | 67.78 | OK | |
| r-release-linux-x86_64 | 1.6 | 18.30 | 49.66 | 67.96 | OK | |
| r-release-macos-arm64 | 1.6 | OK | ||||
| r-release-macos-x86_64 | 1.6 | 19.00 | 70.00 | 89.00 | OK | |
| r-release-windows-x86_64 | 1.6 | 42.00 | 100.00 | 142.00 | OK | |
| r-oldrel-macos-arm64 | 1.6 | OK | ||||
| r-oldrel-macos-x86_64 | 1.6 | 13.00 | 54.00 | 67.00 | OK | |
| r-oldrel-windows-x86_64 | 1.6 | 39.00 | 93.00 | 132.00 | OK |
Version: 1.6
Check: CRAN incoming feasibility
Result: NOTE
Maintainer: ‘Charles J. Geyer <geyer@umn.edu>’
No Authors@R field in DESCRIPTION.
Please add one, modifying
Authors@R: c(person(given = c("Charles", "J."),
family = "Geyer",
role = c("aut", "cre"),
email = "geyer@umn.edu"),
person(given = c("Glen", "D."),
family = "Meeden",
role = "aut",
email = "gmeeden@umn.edu"),
person(given = c("incorporates", "code", "from", "cddlib", "written", "by", "Komei"),
family = "Fukuda",
role = "aut",
email = "fukuda@ifor.math.ethz.ch",
comment = c(ROR = "ver 0.94f")))
as necessary.
Flavors: r-devel-linux-x86_64-debian-clang, r-devel-linux-x86_64-debian-gcc