Last updated on 2025-11-23 03:48:55 CET.
| Flavor | Version | Tinstall | Tcheck | Ttotal | Status | Flags |
|---|---|---|---|---|---|---|
| r-devel-linux-x86_64-debian-gcc | 0.1.0 | 1.56 | 39.01 | 40.57 | ERROR | |
| r-devel-linux-x86_64-fedora-clang | 0.1.0 | 83.34 | OK | |||
| r-release-linux-x86_64 | 0.1.0 | 2.24 | 48.92 | 51.16 | ERROR | |
| r-release-macos-arm64 | 0.1.0 | 1.00 | 24.00 | 25.00 | OK | |
| r-release-macos-x86_64 | 0.1.0 | 3.00 | 110.00 | 113.00 | OK | |
| r-oldrel-macos-arm64 | 0.1.0 | 1.00 | 35.00 | 36.00 | OK | |
| r-oldrel-macos-x86_64 | 0.1.0 | 4.00 | 133.00 | 137.00 | OK |
Version: 0.1.0
Check: tests
Result: ERROR
Running ‘tinytest.R’ [0s/1s]
Running the tests in ‘tests/tinytest.R’ failed.
Complete output:
> if (requireNamespace("tinytest", quietly = TRUE)) {
+ tinytest::test_package("rbranding")
+ }
test_brand_init.R............. 0 tests
test_brand_init.R............. 1 tests <1b>[0;32mOK<1b>[0m
test_brand_init.R............. 1 tests <1b>[0;32mOK<1b>[0m
test_brand_init.R............. 1 tests <1b>[0;32mOK<1b>[0m
test_brand_init.R............. 2 tests <1b>[0;32mOK<1b>[0m
test_brand_init.R............. 3 tests <1b>[0;32mOK<1b>[0m
test_brand_init.R............. 4 tests <1b>[0;32mOK<1b>[0m
test_brand_init.R............. 4 tests <1b>[0;32mOK<1b>[0m
test_brand_init.R............. 4 tests <1b>[0;32mOK<1b>[0m
test_brand_init.R............. 4 tests <1b>[0;32mOK<1b>[0m
test_brand_init.R............. 4 tests <1b>[0;32mOK<1b>[0m
test_brand_init.R............. 4 tests <1b>[0;32mOK<1b>[0m
test_brand_init.R............. 5 tests <1b>[0;32mOK<1b>[0m
test_brand_init.R............. 6 tests <1b>[0;32mOK<1b>[0m
test_brand_init.R............. 6 tests <1b>[0;32mOK<1b>[0m
test_brand_init.R............. 7 tests <1b>[0;32mOK<1b>[0m
test_brand_init.R............. 8 tests <1b>[0;32mOK<1b>[0m <1b>[0;36m81ms<1b>[0m
test_get_brand.R.............. 0 tests
test_get_brand.R.............. 0 tests
test_get_brand.R.............. 1 tests <1b>[0;32mOK<1b>[0m
test_get_brand.R.............. 1 tests <1b>[0;32mOK<1b>[0m
test_get_brand.R.............. 2 tests <1b>[0;32mOK<1b>[0m
test_get_brand.R.............. 3 tests <1b>[0;32mOK<1b>[0m
test_get_brand.R.............. 4 tests <1b>[0;32mOK<1b>[0m
test_get_brand.R.............. 4 tests <1b>[0;32mOK<1b>[0m
test_get_brand.R.............. 5 tests <1b>[0;32mOK<1b>[0m
test_get_brand.R.............. 6 tests <1b>[0;32mOK<1b>[0m
test_get_brand.R.............. 6 tests <1b>[0;32mOK<1b>[0m
test_get_brand.R.............. 6 tests <1b>[0;32mOK<1b>[0m
test_get_brand.R.............. 6 tests <1b>[0;32mOK<1b>[0m
test_get_brand.R.............. 7 tests <1b>[0;32mOK<1b>[0m
test_get_brand.R.............. 7 tests <1b>[0;32mOK<1b>[0m
test_get_brand.R.............. 8 tests <1b>[0;32mOK<1b>[0m
test_get_brand.R.............. 8 tests <1b>[0;32mOK<1b>[0m
test_get_brand.R.............. 8 tests <1b>[0;32mOK<1b>[0m <1b>[0;34m0.3s<1b>[0m
test_get_template.R........... 0 tests
test_get_template.R........... 1 tests <1b>[0;32mOK<1b>[0m
test_get_template.R........... 2 tests <1b>[0;32mOK<1b>[0m
test_get_template.R........... 3 tests <1b>[0;32mOK<1b>[0m
test_get_template.R........... 3 tests <1b>[0;32mOK<1b>[0m <1b>[0;36m21ms<1b>[0m
test_ggplot2.R................ 0 tests
test_ggplot2.R................ 0 tests
test_ggplot2.R................ 0 tests
test_ggplot2.R................ 0 tests Error in png::writePNG(img, test_logo_file) :
unable to create test_logo.png
Calls: <Anonymous> ... run_test_dir -> lapply -> FUN -> eval -> eval -> <Anonymous>
Execution halted
Flavor: r-devel-linux-x86_64-debian-gcc
Version: 0.1.0
Check: tests
Result: ERROR
Running ‘tinytest.R’ [1s/2s]
Running the tests in ‘tests/tinytest.R’ failed.
Complete output:
> if (requireNamespace("tinytest", quietly = TRUE)) {
+ tinytest::test_package("rbranding")
+ }
test_brand_init.R............. 0 tests
test_brand_init.R............. 1 tests <1b>[0;32mOK<1b>[0m
test_brand_init.R............. 1 tests <1b>[0;32mOK<1b>[0m
test_brand_init.R............. 1 tests <1b>[0;32mOK<1b>[0m
test_brand_init.R............. 2 tests <1b>[0;32mOK<1b>[0m
test_brand_init.R............. 3 tests <1b>[0;32mOK<1b>[0m
test_brand_init.R............. 4 tests <1b>[0;32mOK<1b>[0m
test_brand_init.R............. 4 tests <1b>[0;32mOK<1b>[0m
test_brand_init.R............. 4 tests <1b>[0;32mOK<1b>[0m
test_brand_init.R............. 4 tests <1b>[0;32mOK<1b>[0m
test_brand_init.R............. 4 tests <1b>[0;32mOK<1b>[0m
test_brand_init.R............. 4 tests <1b>[0;32mOK<1b>[0m
test_brand_init.R............. 5 tests <1b>[0;32mOK<1b>[0m
test_brand_init.R............. 6 tests <1b>[0;32mOK<1b>[0m
test_brand_init.R............. 6 tests <1b>[0;32mOK<1b>[0m
test_brand_init.R............. 7 tests <1b>[0;32mOK<1b>[0m
test_brand_init.R............. 8 tests <1b>[0;32mOK<1b>[0m <1b>[0;36m98ms<1b>[0m
test_get_brand.R.............. 0 tests
test_get_brand.R.............. 0 tests
test_get_brand.R.............. 1 tests <1b>[0;32mOK<1b>[0m
test_get_brand.R.............. 1 tests <1b>[0;32mOK<1b>[0m
test_get_brand.R.............. 2 tests <1b>[0;32mOK<1b>[0m
test_get_brand.R.............. 3 tests <1b>[0;32mOK<1b>[0m
test_get_brand.R.............. 4 tests <1b>[0;32mOK<1b>[0m
test_get_brand.R.............. 4 tests <1b>[0;32mOK<1b>[0m
test_get_brand.R.............. 5 tests <1b>[0;32mOK<1b>[0m
test_get_brand.R.............. 6 tests <1b>[0;32mOK<1b>[0m
test_get_brand.R.............. 6 tests <1b>[0;32mOK<1b>[0m
test_get_brand.R.............. 6 tests <1b>[0;32mOK<1b>[0m
test_get_brand.R.............. 6 tests <1b>[0;32mOK<1b>[0m
test_get_brand.R.............. 7 tests <1b>[0;32mOK<1b>[0m
test_get_brand.R.............. 7 tests <1b>[0;32mOK<1b>[0m
test_get_brand.R.............. 8 tests <1b>[0;32mOK<1b>[0m
test_get_brand.R.............. 8 tests <1b>[0;32mOK<1b>[0m
test_get_brand.R.............. 8 tests <1b>[0;32mOK<1b>[0m <1b>[0;34m0.8s<1b>[0m
test_get_template.R........... 0 tests
test_get_template.R........... 1 tests <1b>[0;32mOK<1b>[0m
test_get_template.R........... 2 tests <1b>[0;32mOK<1b>[0m
test_get_template.R........... 3 tests <1b>[0;32mOK<1b>[0m
test_get_template.R........... 3 tests <1b>[0;32mOK<1b>[0m <1b>[0;36m38ms<1b>[0m
test_ggplot2.R................ 0 tests
test_ggplot2.R................ 0 tests
test_ggplot2.R................ 0 tests
test_ggplot2.R................ 0 tests Error in png::writePNG(img, test_logo_file) :
unable to create test_logo.png
Calls: <Anonymous> ... run_test_dir -> lapply -> FUN -> eval -> eval -> <Anonymous>
Execution halted
Flavor: r-release-linux-x86_64