CRAN Package Check Results for Package raws.profile

Last updated on 2025-11-15 03:50:24 CET.

Flavor Version Tinstall Tcheck Ttotal Status Flags
r-devel-linux-x86_64-debian-clang 0.1.0 2.81 27.77 30.58 OK
r-devel-linux-x86_64-debian-gcc 0.1.0 2.04 22.51 24.55 OK
r-devel-linux-x86_64-fedora-clang 0.1.0 44.82 NOTE
r-devel-linux-x86_64-fedora-gcc 0.1.0 42.90 NOTE
r-devel-windows-x86_64 0.1.0 6.00 45.00 51.00 OK
r-patched-linux-x86_64 0.1.0 2.85 25.43 28.28 OK
r-release-linux-x86_64 0.1.0 2.69 25.81 28.50 OK
r-release-macos-arm64 0.1.0 2.00 20.00 22.00 OK
r-release-macos-x86_64 0.1.0 3.00 38.00 41.00 OK
r-release-windows-x86_64 0.1.0 4.00 44.00 48.00 OK
r-oldrel-macos-arm64 0.1.0 1.00 19.00 20.00 NOTE
r-oldrel-macos-x86_64 0.1.0 3.00 35.00 38.00 NOTE
r-oldrel-windows-x86_64 0.1.0 5.00 51.00 56.00 NOTE

Check Details

Version: 0.1.0
Check: dependencies in R code
Result: NOTE Namespace in Imports field not imported from: ‘withr’ All declared Imports should be used. Flavors: r-devel-linux-x86_64-fedora-clang, r-devel-linux-x86_64-fedora-gcc

Version: 0.1.0
Check: LazyData
Result: NOTE 'LazyData' is specified without a 'data' directory Flavors: r-oldrel-macos-arm64, r-oldrel-macos-x86_64, r-oldrel-windows-x86_64